{"id":2787,"date":"2023-08-21T19:18:54","date_gmt":"2023-08-21T17:18:54","guid":{"rendered":"https:\/\/escolares.afundacion.org\/normas\/"},"modified":"2026-09-03T11:05:59","modified_gmt":"2026-09-03T09:05:59","slug":"normas","status":"publish","type":"page","link":"https:\/\/escolares.afundacion.org\/es\/normas\/","title":{"rendered":"Normas"},"content":{"rendered":"\t\t<div data-elementor-type=\"wp-page\" data-elementor-id=\"2787\" class=\"elementor elementor-2787 elementor-728\" data-elementor-post-type=\"page\">\n\t\t\t\t\t\t<section class=\"elementor-section elementor-top-section elementor-element elementor-element-e53a9d4 elementor-section-boxed elementor-section-height-default elementor-section-height-default\" data-id=\"e53a9d4\" data-element_type=\"section\" data-e-type=\"section\">\n\t\t\t\t\t\t<div class=\"elementor-container elementor-column-gap-default\">\n\t\t\t\t\t<div class=\"elementor-column elementor-col-100 elementor-top-column elementor-element elementor-element-8698c05\" data-id=\"8698c05\" data-element_type=\"column\" data-e-type=\"column\">\n\t\t\t<div class=\"elementor-widget-wrap elementor-element-populated\">\n\t\t\t\t\t\t<div class=\"elementor-element elementor-element-e8789d1 elementor-widget elementor-widget-heading\" data-id=\"e8789d1\" data-element_type=\"widget\" data-e-type=\"widget\" data-widget_type=\"heading.default\">\n\t\t\t\t<div class=\"elementor-widget-container\">\n\t\t\t\t\t<h2 class=\"elementor-heading-title elementor-size-default\">NORMAS PARA INSCRIBIRSE<\/h2>\t\t\t\t<\/div>\n\t\t\t\t<\/div>\n\t\t\t\t<div class=\"elementor-element elementor-element-afee220 elementor-widget elementor-widget-text-editor\" data-id=\"afee220\" data-element_type=\"widget\" data-e-type=\"widget\" data-widget_type=\"text-editor.default\">\n\t\t\t\t<div class=\"elementor-widget-container\">\n\t\t\t\t\t\t\t\t\t<p>A la hora de elegir actividades, se pueden combinar diferentes disciplinas.<\/p>\t\t\t\t\t\t\t\t<\/div>\n\t\t\t\t<\/div>\n\t\t\t\t\t<\/div>\n\t\t<\/div>\n\t\t\t\t\t<\/div>\n\t\t<\/section>\n\t\t\t\t<section class=\"elementor-section elementor-top-section elementor-element elementor-element-9f151aa elementor-section-boxed elementor-section-height-default elementor-section-height-default\" data-id=\"9f151aa\" data-element_type=\"section\" data-e-type=\"section\">\n\t\t\t\t\t\t<div class=\"elementor-container elementor-column-gap-default\">\n\t\t\t\t\t<div class=\"elementor-column elementor-col-100 elementor-top-column elementor-element elementor-element-4f97cc9\" data-id=\"4f97cc9\" data-element_type=\"column\" data-e-type=\"column\">\n\t\t\t<div class=\"elementor-widget-wrap elementor-element-populated\">\n\t\t\t\t\t\t<div class=\"elementor-element elementor-element-27ce993 elementor-widget elementor-widget-heading\" data-id=\"27ce993\" data-element_type=\"widget\" data-e-type=\"widget\" data-widget_type=\"heading.default\">\n\t\t\t\t<div class=\"elementor-widget-container\">\n\t\t\t\t\t<h4 class=\"elementor-heading-title elementor-size-default\">Artes esc\u00e9nicas<\/h4>\t\t\t\t<\/div>\n\t\t\t\t<\/div>\n\t\t\t\t<div class=\"elementor-element elementor-element-54324bb elementor-widget elementor-widget-text-editor\" data-id=\"54324bb\" data-element_type=\"widget\" data-e-type=\"widget\" data-widget_type=\"text-editor.default\">\n\t\t\t\t<div class=\"elementor-widget-container\">\n\t\t\t\t\t\t\t\t\t<ul>\n<li style=\"font-weight: 400;\" aria-level=\"1\">Plazo de reserva: hasta el 30 de septiembre de 2026.<\/li>\n<li style=\"font-weight: 400;\" aria-level=\"1\"><span style=\"font-weight: 400;\">La solicitud debe realizarse a trav\u00e9s del \u00c1rea privada para centros educativos en activities.afundacion.org. Cada centro recibir\u00e1 un correo electr\u00f3nico en su direcci\u00f3n oficial de la Xunta con un enlace para crear su propio nombre de usuario y contrase\u00f1a. <\/span><\/li>\n<li style=\"font-weight: 400;\" aria-level=\"1\"><span style=\"font-weight: 400;\">Una vez dentro, el centro podr\u00e1 consultar la oferta formativa, que estar\u00e1 organizada por programas (incluidos los de Artes Esc\u00e9nicas), y solicitar una plaza en la convocatoria que elija.<\/span><\/li>\n<li style=\"font-weight: 400;\" aria-level=\"1\"><span style=\"font-weight: 400;\">Se asignar\u00e1n plazas para un m\u00e1ximo de 150 alumnos por centro y actividad (100 en el caso de A Coru\u00f1a y Ferrol, debido a limitaciones de aforo).<\/span><\/li>\n<li style=\"font-weight: 400;\" aria-level=\"1\">Precio: entre<span style=\"font-weight: 400;\"> <\/span>2,50\u20ac por alumno para todas las representaciones, excepto para <i>FAN<\/i>, que costar\u00e1 5,00 \u20ac.<\/li>\n<li style=\"font-weight: 400;\" aria-level=\"1\"><span style=\"font-weight: 400;\">El importe total debe abonarse en la cuenta n\u00famero ES9120805000613040323643. En el campo \u00abConcepto\u00bb de la transferencia, debes indicar el c\u00f3digo de pago, que desde Afundaci\u00f3n te comunicaremos con antelaci\u00f3n junto con la asignaci\u00f3n de actividades. El plazo de pago vence el mismo d\u00eda de la actividad.<\/span><\/li>\n<li style=\"font-weight: 400;\" aria-level=\"1\"><span style=\"font-weight: 400;\">La solicitud se registrar\u00e1 autom\u00e1ticamente con el estado \u00abSolicitada\u00bb. Desde Afundaci\u00f3n se revisar\u00e1 y confirmar\u00e1 la asignaci\u00f3n, y el centro recibir\u00e1 un correo electr\u00f3nico con la confirmaci\u00f3n. <\/span><\/li>\n<li style=\"font-weight: 400;\" aria-level=\"1\"><span style=\"font-weight: 400;\">El centro puede consultar el estado de su solicitud (\u00abSolicitada\u00bb, \u00abConfirmada\u00bb) en cualquier momento desde el \u00c1rea privada, sin necesidad de realizar ning\u00fan otro tr\u00e1mite de confirmaci\u00f3n.<\/span><\/li>\n<li style=\"font-weight: 400;\" aria-level=\"1\"><span style=\"font-weight: 400;\">Si un centro ya tiene una plaza confirmada y, finalmente, no puede asistir, deber\u00e1 comunicarlo lo antes posible por tel\u00e9fono o por correo electr\u00f3nico a las direcciones que figuran en este documento, para que la plaza pueda quedar libre y ofrecerse a otro centro interesado.<\/span><\/li>\n<li style=\"font-weight: 400;\" aria-level=\"1\"><span style=\"font-weight: 400;\">Las gu\u00edas did\u00e1cticas de cada actividad se pueden consultar y descargar desde la p\u00e1gina de la actividad.<\/span><\/li>\n<li style=\"font-weight: 400;\" aria-level=\"1\">Para obtener m\u00e1s informaci\u00f3n, llama al 986 120 089 o al 986 120 078, o visita escolares@afundacion.org.&nbsp;<\/li>\n<\/ul>\t\t\t\t\t\t\t\t<\/div>\n\t\t\t\t<\/div>\n\t\t\t\t\t<\/div>\n\t\t<\/div>\n\t\t\t\t\t<\/div>\n\t\t<\/section>\n\t\t\t\t<\/div>\n\t\t","protected":false},"excerpt":{"rendered":"<p>NORMAS PARA INSCRIBIRSE A la hora de elegir actividades, se pueden combinar diferentes disciplinas. Artes esc\u00e9nicas Plazo de reserva: hasta el 30 de septiembre de 2026. La solicitud debe realizarse a trav\u00e9s del \u00c1rea privada para centros educativos en activities.afundacion.org. Cada centro recibir\u00e1 un correo electr\u00f3nico en su direcci\u00f3n oficial de la Xunta con un [&hellip;]<\/p>\n","protected":false},"author":1,"featured_media":0,"parent":0,"menu_order":0,"comment_status":"closed","ping_status":"closed","template":"","meta":{"_acf_changed":false,"footnotes":""},"class_list":["post-2787","page","type-page","status-publish","hentry"],"acf":[],"_links":{"self":[{"href":"https:\/\/escolares.afundacion.org\/es\/wp-json\/wp\/v2\/pages\/2787","targetHints":{"allow":["GET"]}}],"collection":[{"href":"https:\/\/escolares.afundacion.org\/es\/wp-json\/wp\/v2\/pages"}],"about":[{"href":"https:\/\/escolares.afundacion.org\/es\/wp-json\/wp\/v2\/types\/page"}],"author":[{"embeddable":true,"href":"https:\/\/escolares.afundacion.org\/es\/wp-json\/wp\/v2\/users\/1"}],"replies":[{"embeddable":true,"href":"https:\/\/escolares.afundacion.org\/es\/wp-json\/wp\/v2\/comments?post=2787"}],"version-history":[{"count":1,"href":"https:\/\/escolares.afundacion.org\/es\/wp-json\/wp\/v2\/pages\/2787\/revisions"}],"predecessor-version":[{"id":2788,"href":"https:\/\/escolares.afundacion.org\/es\/wp-json\/wp\/v2\/pages\/2787\/revisions\/2788"}],"wp:attachment":[{"href":"https:\/\/escolares.afundacion.org\/es\/wp-json\/wp\/v2\/media?parent=2787"}],"curies":[{"name":"wp","href":"https:\/\/api.w.org\/{rel}","templated":true}]}}

<div data-elementor-type="wp-page" data-elementor-id="2787" class="elementor elementor-2787 elementor-728" data-elementor-post-type="page">
						<section class="elementor-section elementor-top-section elementor-element elementor-element-e53a9d4 elementor-section-boxed elementor-section-height-default elementor-section-height-default" data-id="e53a9d4" data-element_type="section" data-e-type="section">
						<div class="elementor-container elementor-column-gap-default">
					<div class="elementor-column elementor-col-100 elementor-top-column elementor-element elementor-element-8698c05" data-id="8698c05" data-element_type="column" data-e-type="column">
			<div class="elementor-widget-wrap elementor-element-populated">
						<div class="elementor-element elementor-element-e8789d1 elementor-widget elementor-widget-heading" data-id="e8789d1" data-element_type="widget" data-e-type="widget" data-widget_type="heading.default">
				<div class="elementor-widget-container">
					<h2 class="elementor-heading-title elementor-size-default">NORMAS PARA INSCRIBIRSE</h2>				</div>
				</div>
				<div class="elementor-element elementor-element-afee220 elementor-widget elementor-widget-text-editor" data-id="afee220" data-element_type="widget" data-e-type="widget" data-widget_type="text-editor.default">
				<div class="elementor-widget-container">
									<p>A la hora de elegir actividades, se pueden combinar diferentes disciplinas.</p>								</div>
				</div>
					</div>
		</div>
					</div>
		</section>
				<section class="elementor-section elementor-top-section elementor-element elementor-element-9f151aa elementor-section-boxed elementor-section-height-default elementor-section-height-default" data-id="9f151aa" data-element_type="section" data-e-type="section">
						<div class="elementor-container elementor-column-gap-default">
					<div class="elementor-column elementor-col-100 elementor-top-column elementor-element elementor-element-4f97cc9" data-id="4f97cc9" data-element_type="column" data-e-type="column">
			<div class="elementor-widget-wrap elementor-element-populated">
						<div class="elementor-element elementor-element-27ce993 elementor-widget elementor-widget-heading" data-id="27ce993" data-element_type="widget" data-e-type="widget" data-widget_type="heading.default">
				<div class="elementor-widget-container">
					<h4 class="elementor-heading-title elementor-size-default">Artes escénicas</h4>				</div>
				</div>
				<div class="elementor-element elementor-element-54324bb elementor-widget elementor-widget-text-editor" data-id="54324bb" data-element_type="widget" data-e-type="widget" data-widget_type="text-editor.default">
				<div class="elementor-widget-container">
									<ul>
<li style="font-weight: 400;" aria-level="1">Plazo de reserva: hasta el 30 de septiembre de 2026.</li>
<li style="font-weight: 400;" aria-level="1"><span style="font-weight: 400;">La solicitud debe realizarse a través del Área privada para centros educativos en activities.afundacion.org. Cada centro recibirá un correo electrónico en su dirección oficial de la Xunta con un enlace para crear su propio nombre de usuario y contraseña. </span></li>
<li style="font-weight: 400;" aria-level="1"><span style="font-weight: 400;">Una vez dentro, el centro podrá consultar la oferta formativa, que estará organizada por programas (incluidos los de Artes Escénicas), y solicitar una plaza en la convocatoria que elija.</span></li>
<li style="font-weight: 400;" aria-level="1"><span style="font-weight: 400;">Se asignarán plazas para un máximo de 150 alumnos por centro y actividad (100 en el caso de A Coruña y Ferrol, debido a limitaciones de aforo).</span></li>
<li style="font-weight: 400;" aria-level="1">Precio: entre<span style="font-weight: 400;"> </span>2,50€ por alumno para todas las representaciones, excepto para <i>FAN</i>, que costará 5,00 €.</li>
<li style="font-weight: 400;" aria-level="1"><span style="font-weight: 400;">El importe total debe abonarse en la cuenta número ES9120805000613040323643. En el campo «Concepto» de la transferencia, debes indicar el código de pago, que desde Afundación te comunicaremos con antelación junto con la asignación de actividades. El plazo de pago vence el mismo día de la actividad.</span></li>
<li style="font-weight: 400;" aria-level="1"><span style="font-weight: 400;">La solicitud se registrará automáticamente con el estado «Solicitada». Desde Afundación se revisará y confirmará la asignación, y el centro recibirá un correo electrónico con la confirmación. </span></li>
<li style="font-weight: 400;" aria-level="1"><span style="font-weight: 400;">El centro puede consultar el estado de su solicitud («Solicitada», «Confirmada») en cualquier momento desde el Área privada, sin necesidad de realizar ningún otro trámite de confirmación.</span></li>
<li style="font-weight: 400;" aria-level="1"><span style="font-weight: 400;">Si un centro ya tiene una plaza confirmada y, finalmente, no puede asistir, deberá comunicarlo lo antes posible por teléfono o por correo electrónico a las direcciones que figuran en este documento, para que la plaza pueda quedar libre y ofrecerse a otro centro interesado.</span></li>
<li style="font-weight: 400;" aria-level="1"><span style="font-weight: 400;">Las guías didácticas de cada actividad se pueden consultar y descargar desde la página de la actividad.</span></li>
<li style="font-weight: 400;" aria-level="1">Para obtener más información, llama al 986 120 089 o al 986 120 078, o visita escolares@afundacion.org.&nbsp;</li>
</ul>								</div>
				</div>
					</div>
		</div>
					</div>
		</section>
				</div>

<p>NORMAS PARA INSCRIBIRSE A la hora de elegir actividades, se pueden combinar diferentes disciplinas. Artes escénicas Plazo de reserva: hasta el 30 de septiembre de 2026. La solicitud debe realizarse a través del Área privada para centros educativos en activities.afundacion.org. Cada centro recibirá un correo electrónico en su dirección oficial de la Xunta con un [&hellip;]</p>
