{"id":2779,"date":"2026-08-26T12:55:39","date_gmt":"2026-08-26T10:55:39","guid":{"rendered":"https:\/\/escolares.afundacion.org\/actividad\/voo\/"},"modified":"2026-09-04T10:20:28","modified_gmt":"2026-09-04T08:20:28","slug":"voo","status":"publish","type":"actividad","link":"https:\/\/escolares.afundacion.org\/es\/actividad\/voo\/","title":{"rendered":"Voo"},"content":{"rendered":"\n<p class=\"wp-block-paragraph\">\u00bfQui\u00e9n no ha pensado alguna vez en volar? \u00bfDespegar los pies del suelo y, como por arte de magia, flotar en la ingravidez del aire? A trav\u00e9s del juego m\u00e1s primario, el descubrimiento del propio cuerpo y la observaci\u00f3n del entorno que las rodea, los dos personajes de esta historia se ven movidos de repente por una curiosidad irresistible: \u00a1volar!  <\/p>\n\n\n\n<p class=\"wp-block-paragraph\">En esta b\u00fasqueda incansable de alcanzar el cielo, viajaremos con las protagonistas desde la ilusi\u00f3n y el asombro hasta las frustraciones y los miedos. <strong>Una fantas\u00eda que nos invita a preguntarnos si somos capaces de so\u00f1ar y, sobre todo, si somos capaces de descubrir por el camino de lo imposible qu\u00e9 es lo verdaderamente importante.<\/strong><\/p>\n\n\n\n<p class=\"wp-block-paragraph\"><em>M\u00e1ximo de alumnado: 150 personas en Vigo, Ourense, Pontevedra, Santiago de Compostela y Lugo, y 100 personas en Ferrol y A Coru\u00f1a por cuesti\u00f3n de aforo. Si necesitas m\u00e1s plazas, ind\u00edcalo en el apartado de observaciones al reservar. <\/em><\/p>\n","protected":false},"excerpt":{"rendered":"<p>Funci\u00f3n escolar \u00abVoo\u00bb, de Teatro O Cubo, pensada para Educaci\u00f3n Infantil: una pieza sobre atreverse a so\u00f1ar a lo grande.<\/p>\n","protected":false},"featured_media":2606,"template":"","etapa-escolar":[65],"lugar":[53,54,55,58,59,60,61],"tipoloxia":[44],"class_list":["post-2779","actividad","type-actividad","status-publish","has-post-thumbnail","hentry","etapa-escolar-infantil","lugar-a-coruna","lugar-ferrol","lugar-lugo","lugar-ourense","lugar-pontevedra","lugar-santiago","lugar-vigo","tipoloxia-artes-escenicas"],"acf":[],"_links":{"self":[{"href":"https:\/\/escolares.afundacion.org\/es\/wp-json\/wp\/v2\/actividad\/2779","targetHints":{"allow":["GET"]}}],"collection":[{"href":"https:\/\/escolares.afundacion.org\/es\/wp-json\/wp\/v2\/actividad"}],"about":[{"href":"https:\/\/escolares.afundacion.org\/es\/wp-json\/wp\/v2\/types\/actividad"}],"wp:featuredmedia":[{"embeddable":true,"href":"https:\/\/escolares.afundacion.org\/es\/wp-json\/wp\/v2\/media\/2606"}],"wp:attachment":[{"href":"https:\/\/escolares.afundacion.org\/es\/wp-json\/wp\/v2\/media?parent=2779"}],"wp:term":[{"taxonomy":"etapa-escolar","embeddable":true,"href":"https:\/\/escolares.afundacion.org\/es\/wp-json\/wp\/v2\/etapa-escolar?post=2779"},{"taxonomy":"lugar","embeddable":true,"href":"https:\/\/escolares.afundacion.org\/es\/wp-json\/wp\/v2\/lugar?post=2779"},{"taxonomy":"tipoloxia","embeddable":true,"href":"https:\/\/escolares.afundacion.org\/es\/wp-json\/wp\/v2\/tipoloxia?post=2779"}],"curies":[{"name":"wp","href":"https:\/\/api.w.org\/{rel}","templated":true}]}}

<p class="wp-block-paragraph">¿Quién no ha pensado alguna vez en volar? ¿Despegar los pies del suelo y, como por arte de magia, flotar en la ingravidez del aire? A través del juego más primario, el descubrimiento del propio cuerpo y la observación del entorno que las rodea, los dos personajes de esta historia se ven movidos de repente por una curiosidad irresistible: ¡volar!  </p>



<p class="wp-block-paragraph">En esta búsqueda incansable de alcanzar el cielo, viajaremos con las protagonistas desde la ilusión y el asombro hasta las frustraciones y los miedos. <strong>Una fantasía que nos invita a preguntarnos si somos capaces de soñar y, sobre todo, si somos capaces de descubrir por el camino de lo imposible qué es lo verdaderamente importante.</strong></p>



<p class="wp-block-paragraph"><em>Máximo de alumnado: 150 personas en Vigo, Ourense, Pontevedra, Santiago de Compostela y Lugo, y 100 personas en Ferrol y A Coruña por cuestión de aforo. Si necesitas más plazas, indícalo en el apartado de observaciones al reservar. </em></p>

<p>Función escolar «Voo», de Teatro O Cubo, pensada para Educación Infantil: una pieza sobre atreverse a soñar a lo grande.</p>
