{"id":2769,"date":"2026-08-25T20:24:46","date_gmt":"2026-08-25T18:24:46","guid":{"rendered":"https:\/\/escolares.afundacion.org\/actividad\/nosotros-tambien-fuimos-emigrantes-sada\/"},"modified":"2026-09-03T10:50:26","modified_gmt":"2026-09-03T08:50:26","slug":"nosotros-tambien-fuimos-emigrantes-sada","status":"publish","type":"actividad","link":"https:\/\/escolares.afundacion.org\/es\/actividad\/nosotros-tambien-fuimos-emigrantes-sada\/","title":{"rendered":"Nosotros tambi\u00e9n fuimos emigrantes \u2014 Sada"},"content":{"rendered":"\n<p class=\"wp-block-paragraph\">\u00abNosotros tambi\u00e9n fuimos emigrantes\u00bb re\u00fane en la Casa de la cultura Pintor Llor\u00e9ns de Sada cuarenta fotograf\u00edas del archivo de la Agencia EFE sobre la emigraci\u00f3n gallega y espa\u00f1ola del siglo XX. Estos retratos cercanos, tomados desde una perspectiva profesional y humana, narran las circunstancias vitales de la generaci\u00f3n de nuestros padres, madres, abuelos y abuelas, que dejaron su tierra en busca de un futuro mejor. En torno a esta muestra del programa \u00abCorriente cultural\u00bb de Afundaci\u00f3n, ofrecemos al alumnado una visita y un taller.  <\/p>\n","protected":false},"excerpt":{"rendered":"<p> Mediante las fotos de la Agencia EFE, \u00abNosotros tambi\u00e9n fuimos emigrantes\u00bb acerca la historia de la emigraci\u00f3n gallega. Una visita con taller en la Casa de la cultura Pintor Llor\u00e9ns de Sada. <\/p>\n","protected":false},"featured_media":2624,"template":"","etapa-escolar":[66,64,62,63],"lugar":[57],"tipoloxia":[45],"class_list":["post-2769","actividad","type-actividad","status-publish","has-post-thumbnail","hentry","etapa-escolar-primaria","etapa-escolar-eso","etapa-escolar-bachillerato","etapa-escolar-ciclos-formativos","lugar-otras-localidades","tipoloxia-artes-plasticas"],"acf":[],"_links":{"self":[{"href":"https:\/\/escolares.afundacion.org\/es\/wp-json\/wp\/v2\/actividad\/2769","targetHints":{"allow":["GET"]}}],"collection":[{"href":"https:\/\/escolares.afundacion.org\/es\/wp-json\/wp\/v2\/actividad"}],"about":[{"href":"https:\/\/escolares.afundacion.org\/es\/wp-json\/wp\/v2\/types\/actividad"}],"wp:featuredmedia":[{"embeddable":true,"href":"https:\/\/escolares.afundacion.org\/es\/wp-json\/wp\/v2\/media\/2624"}],"wp:attachment":[{"href":"https:\/\/escolares.afundacion.org\/es\/wp-json\/wp\/v2\/media?parent=2769"}],"wp:term":[{"taxonomy":"etapa-escolar","embeddable":true,"href":"https:\/\/escolares.afundacion.org\/es\/wp-json\/wp\/v2\/etapa-escolar?post=2769"},{"taxonomy":"lugar","embeddable":true,"href":"https:\/\/escolares.afundacion.org\/es\/wp-json\/wp\/v2\/lugar?post=2769"},{"taxonomy":"tipoloxia","embeddable":true,"href":"https:\/\/escolares.afundacion.org\/es\/wp-json\/wp\/v2\/tipoloxia?post=2769"}],"curies":[{"name":"wp","href":"https:\/\/api.w.org\/{rel}","templated":true}]}}

Nosotros también fuimos emigrantes — Sada

<p class="wp-block-paragraph">«Nosotros también fuimos emigrantes» reúne en la Casa de la cultura Pintor Lloréns de Sada cuarenta fotografías del archivo de la Agencia EFE sobre la emigración gallega y española del siglo XX. Estos retratos cercanos, tomados desde una perspectiva profesional y humana, narran las circunstancias vitales de la generación de nuestros padres, madres, abuelos y abuelas, que dejaron su tierra en busca de un futuro mejor. En torno a esta muestra del programa «Corriente cultural» de Afundación, ofrecemos al alumnado una visita y un taller.  </p>

<p> Mediante las fotos de la Agencia EFE, «Nosotros también fuimos emigrantes» acerca la historia de la emigración gallega. Una visita con taller en la Casa de la cultura Pintor Lloréns de Sada. </p>
