{"id":2764,"date":"2026-08-26T18:24:40","date_gmt":"2026-08-26T16:24:40","guid":{"rendered":"https:\/\/escolares.afundacion.org\/actividad\/el-espejo-de-claude\/"},"modified":"2026-09-04T07:30:41","modified_gmt":"2026-09-04T05:30:41","slug":"el-espejo-de-claude","status":"publish","type":"actividad","link":"https:\/\/escolares.afundacion.org\/es\/actividad\/el-espejo-de-claude\/","title":{"rendered":"El espejo de Claude"},"content":{"rendered":"\n<p class=\"wp-block-paragraph\">Los acontecimientos sociales demuestran que, m\u00e1s all\u00e1 de la formaci\u00f3n intelectual y f\u00edsica, la educaci\u00f3n emocional es fundamental para el desarrollo. La atenci\u00f3n a las competencias emocionales se ha revelado en la actualidad como una necesidad a la que se enfrentan escolares, profesorado y familias. <\/p>\n\n<p class=\"wp-block-paragraph\">Con el objetivo de dotar de herramientas a las personas m\u00e1s j\u00f3venes que les ayuden a comprender mejor sus sentimientos y su entorno social, presentamos un programa espec\u00edfico orientado a la salud emocional con conferencias y talleres.<\/p>\n\n<p class=\"wp-block-paragraph\">Fuco Reyes y su lente ser\u00e1n para estos y estas escolares el espejo de sus emociones. Psic\u00f3logo y fot\u00f3grafo, con esta actividad Fuco explora aspectos clave en la etapa de la adolescencia como la construcci\u00f3n de la identidad, la autoimagen, la autoestima, la gesti\u00f3n de las emociones y la motivaci\u00f3n. Procesos determinantes en el desarrollo personal y en el aprendizaje sobre uno y una misma y las relaciones con los dem\u00e1s.  <\/p>\n","protected":false},"excerpt":{"rendered":"<p>El psic\u00f3logo y fot\u00f3grafo Fuco Reyes acompa\u00f1a al alumnado de primaria y secundaria a trabajar la identidad, la autoestima y la gesti\u00f3n de las emociones.<\/p>\n","protected":false},"featured_media":2614,"template":"","etapa-escolar":[66,64,62,63],"lugar":[56],"tipoloxia":[51],"class_list":["post-2764","actividad","type-actividad","status-publish","has-post-thumbnail","hentry","etapa-escolar-primaria","etapa-escolar-eso","etapa-escolar-bachillerato","etapa-escolar-ciclos-formativos","lugar-en-el-propio-centro-educativo","tipoloxia-salud-emocional"],"acf":[],"_links":{"self":[{"href":"https:\/\/escolares.afundacion.org\/es\/wp-json\/wp\/v2\/actividad\/2764","targetHints":{"allow":["GET"]}}],"collection":[{"href":"https:\/\/escolares.afundacion.org\/es\/wp-json\/wp\/v2\/actividad"}],"about":[{"href":"https:\/\/escolares.afundacion.org\/es\/wp-json\/wp\/v2\/types\/actividad"}],"wp:featuredmedia":[{"embeddable":true,"href":"https:\/\/escolares.afundacion.org\/es\/wp-json\/wp\/v2\/media\/2614"}],"wp:attachment":[{"href":"https:\/\/escolares.afundacion.org\/es\/wp-json\/wp\/v2\/media?parent=2764"}],"wp:term":[{"taxonomy":"etapa-escolar","embeddable":true,"href":"https:\/\/escolares.afundacion.org\/es\/wp-json\/wp\/v2\/etapa-escolar?post=2764"},{"taxonomy":"lugar","embeddable":true,"href":"https:\/\/escolares.afundacion.org\/es\/wp-json\/wp\/v2\/lugar?post=2764"},{"taxonomy":"tipoloxia","embeddable":true,"href":"https:\/\/escolares.afundacion.org\/es\/wp-json\/wp\/v2\/tipoloxia?post=2764"}],"curies":[{"name":"wp","href":"https:\/\/api.w.org\/{rel}","templated":true}]}}

<p class="wp-block-paragraph">Los acontecimientos sociales demuestran que, más allá de la formación intelectual y física, la educación emocional es fundamental para el desarrollo. La atención a las competencias emocionales se ha revelado en la actualidad como una necesidad a la que se enfrentan escolares, profesorado y familias. </p>

<p class="wp-block-paragraph">Con el objetivo de dotar de herramientas a las personas más jóvenes que les ayuden a comprender mejor sus sentimientos y su entorno social, presentamos un programa específico orientado a la salud emocional con conferencias y talleres.</p>

<p class="wp-block-paragraph">Fuco Reyes y su lente serán para estos y estas escolares el espejo de sus emociones. Psicólogo y fotógrafo, con esta actividad Fuco explora aspectos clave en la etapa de la adolescencia como la construcción de la identidad, la autoimagen, la autoestima, la gestión de las emociones y la motivación. Procesos determinantes en el desarrollo personal y en el aprendizaje sobre uno y una misma y las relaciones con los demás.  </p>

<p>El psicólogo y fotógrafo Fuco Reyes acompaña al alumnado de primaria y secundaria a trabajar la identidad, la autoestima y la gestión de las emociones.</p>
