{"id":2761,"date":"2026-08-26T18:34:02","date_gmt":"2026-08-26T16:34:02","guid":{"rendered":"https:\/\/escolares.afundacion.org\/actividad\/emocionarte\/"},"modified":"2026-09-04T10:30:19","modified_gmt":"2026-09-04T08:30:19","slug":"emocionarte","status":"publish","type":"actividad","link":"https:\/\/escolares.afundacion.org\/es\/actividad\/emocionarte\/","title":{"rendered":"EmocionArte"},"content":{"rendered":"\n<p class=\"wp-block-paragraph\">Los \u00faltimos acontecimientos sociales han demostrado que la educaci\u00f3n emocional es tan fundamental para el desarrollo como la formaci\u00f3n intelectual y f\u00edsica. Por eso, desde Afundaci\u00f3n presentamos un programa orientado a dotar a los m\u00e1s j\u00f3venes de herramientas para comprenderse mejor y entender su entorno. <\/p>\n\n\n\n<p class=\"wp-block-paragraph\">Aunque muchas veces ni siquiera nos demos cuenta, buena parte del trabajo de las personas artistas consiste justamente en esto: enfrentarnos a nuestras propias emociones para, a trav\u00e9s del proceso creativo, encontrar la manera de darles forma. A veces se trata de manifestar aquello que nos hace sentirnos vivos; otras, de plantarle cara a aquello que nos atemoriza. Pero siempre comunic\u00e1ndonos, ya sea con los que nos rodean o, muy especialmente, con nosotros mismos. Sin miedo. Con libertad.    <\/p>\n\n\n\n<p class=\"wp-block-paragraph\">A lo largo de ya casi tres d\u00e9cadas, Pedro Feijoo ha desarrollado una intensa carrera como creador, primero en el campo de la m\u00fasica y, posteriormente, en el de la literatura. Y ser\u00e1 precisamente de toda esa experiencia de la que los participantes en este taller se valdr\u00e1n para encontrar la manera de dar forma a todas esas emociones. Tocando, escribiendo, leyendo o componiendo, aprenderemos a canalizarlas para convertirlas en algo nuevo: una creaci\u00f3n comunicable y visible, tanto para los dem\u00e1s como, sobre todo, para nosotros y nosotras.  <\/p>\n\n\n\n<p class=\"wp-block-paragraph\"><strong>La actividad se desarrolla en 3 sesiones de 1 hora, dos en una semana y una en la siguiente.<\/strong><\/p>\n\n\n\n<p class=\"wp-block-paragraph\"><strong>La actividad requiere un m\u00ednimo de 40 y un m\u00e1ximo de 50-75 escolares.<\/strong><\/p>\n","protected":false},"excerpt":{"rendered":"<p>Talleres \u00abEmocionArte\u00bb, impartidos en el propio centro, en los que el alumnado de ESO y Bachillerato emplea el arte para conocer sus emociones.<\/p>\n","protected":false},"featured_media":2794,"template":"","etapa-escolar":[64,62,63],"lugar":[56],"tipoloxia":[51],"class_list":["post-2761","actividad","type-actividad","status-publish","has-post-thumbnail","hentry","etapa-escolar-eso","etapa-escolar-bachillerato","etapa-escolar-ciclos-formativos","lugar-en-el-propio-centro-educativo","tipoloxia-salud-emocional"],"acf":[],"_links":{"self":[{"href":"https:\/\/escolares.afundacion.org\/es\/wp-json\/wp\/v2\/actividad\/2761","targetHints":{"allow":["GET"]}}],"collection":[{"href":"https:\/\/escolares.afundacion.org\/es\/wp-json\/wp\/v2\/actividad"}],"about":[{"href":"https:\/\/escolares.afundacion.org\/es\/wp-json\/wp\/v2\/types\/actividad"}],"wp:featuredmedia":[{"embeddable":true,"href":"https:\/\/escolares.afundacion.org\/es\/wp-json\/wp\/v2\/media\/2794"}],"wp:attachment":[{"href":"https:\/\/escolares.afundacion.org\/es\/wp-json\/wp\/v2\/media?parent=2761"}],"wp:term":[{"taxonomy":"etapa-escolar","embeddable":true,"href":"https:\/\/escolares.afundacion.org\/es\/wp-json\/wp\/v2\/etapa-escolar?post=2761"},{"taxonomy":"lugar","embeddable":true,"href":"https:\/\/escolares.afundacion.org\/es\/wp-json\/wp\/v2\/lugar?post=2761"},{"taxonomy":"tipoloxia","embeddable":true,"href":"https:\/\/escolares.afundacion.org\/es\/wp-json\/wp\/v2\/tipoloxia?post=2761"}],"curies":[{"name":"wp","href":"https:\/\/api.w.org\/{rel}","templated":true}]}}

<p class="wp-block-paragraph">Los últimos acontecimientos sociales han demostrado que la educación emocional es tan fundamental para el desarrollo como la formación intelectual y física. Por eso, desde Afundación presentamos un programa orientado a dotar a los más jóvenes de herramientas para comprenderse mejor y entender su entorno. </p>



<p class="wp-block-paragraph">Aunque muchas veces ni siquiera nos demos cuenta, buena parte del trabajo de las personas artistas consiste justamente en esto: enfrentarnos a nuestras propias emociones para, a través del proceso creativo, encontrar la manera de darles forma. A veces se trata de manifestar aquello que nos hace sentirnos vivos; otras, de plantarle cara a aquello que nos atemoriza. Pero siempre comunicándonos, ya sea con los que nos rodean o, muy especialmente, con nosotros mismos. Sin miedo. Con libertad.    </p>



<p class="wp-block-paragraph">A lo largo de ya casi tres décadas, Pedro Feijoo ha desarrollado una intensa carrera como creador, primero en el campo de la música y, posteriormente, en el de la literatura. Y será precisamente de toda esa experiencia de la que los participantes en este taller se valdrán para encontrar la manera de dar forma a todas esas emociones. Tocando, escribiendo, leyendo o componiendo, aprenderemos a canalizarlas para convertirlas en algo nuevo: una creación comunicable y visible, tanto para los demás como, sobre todo, para nosotros y nosotras.  </p>



<p class="wp-block-paragraph"><strong>La actividad se desarrolla en 3 sesiones de 1 hora, dos en una semana y una en la siguiente.</strong></p>



<p class="wp-block-paragraph"><strong>La actividad requiere un mínimo de 40 y un máximo de 50-75 escolares.</strong></p>
