{"id":2755,"date":"2026-08-25T19:43:22","date_gmt":"2026-08-25T17:43:22","guid":{"rendered":"https:\/\/escolares.afundacion.org\/actividad\/castelao-grafista-facsimile-a-estrada\/"},"modified":"2026-09-03T10:43:41","modified_gmt":"2026-09-03T08:43:41","slug":"castelao-grafista-facsimile-a-estrada","status":"publish","type":"actividad","link":"https:\/\/escolares.afundacion.org\/es\/actividad\/castelao-grafista-facsimile-a-estrada\/","title":{"rendered":"Castelao grafista (facs\u00edmile) &#8211; A Estrada"},"content":{"rendered":"\n<p class=\"wp-block-paragraph\">La exposici\u00f3n itinerante \u00abCastelao grafista. Facs\u00edmil\u00bb llega a la Casa de las letras de A Estrada, de la mano del programa \u00abCorriente cultural\u00bb de Afundaci\u00f3n. En esta amplia selecci\u00f3n de facs\u00edmiles, dibujos y caricaturas, repasamos las m\u00faltiples facetas del rianxeiro Alfonso Daniel Rodr\u00edguez Castelao: dibujante, escritor, pol\u00edtico y uno de los ide\u00f3logos m\u00e1s singulares de la cultura gallega. Una ocasi\u00f3n para redescubrir su figura y su legado a trav\u00e9s de una visita guiada y un taller.  <\/p>\n\n<p class=\"wp-block-paragraph\"><\/p>\n","protected":false},"excerpt":{"rendered":"<p> Descubre la figura de Castelao a trav\u00e9s de la historia, el arte de Galicia y la tecnolog\u00eda en una visita con taller a \u00abCastelao grafista. Facs\u00edmil\u00bb, en la Casa de las letras de A Estrada.<\/p>\n","protected":false},"featured_media":2628,"template":"","etapa-escolar":[66,64,62,63],"lugar":[57],"tipoloxia":[45],"class_list":["post-2755","actividad","type-actividad","status-publish","has-post-thumbnail","hentry","etapa-escolar-primaria","etapa-escolar-eso","etapa-escolar-bachillerato","etapa-escolar-ciclos-formativos","lugar-otras-localidades","tipoloxia-artes-plasticas"],"acf":[],"_links":{"self":[{"href":"https:\/\/escolares.afundacion.org\/es\/wp-json\/wp\/v2\/actividad\/2755","targetHints":{"allow":["GET"]}}],"collection":[{"href":"https:\/\/escolares.afundacion.org\/es\/wp-json\/wp\/v2\/actividad"}],"about":[{"href":"https:\/\/escolares.afundacion.org\/es\/wp-json\/wp\/v2\/types\/actividad"}],"wp:featuredmedia":[{"embeddable":true,"href":"https:\/\/escolares.afundacion.org\/es\/wp-json\/wp\/v2\/media\/2628"}],"wp:attachment":[{"href":"https:\/\/escolares.afundacion.org\/es\/wp-json\/wp\/v2\/media?parent=2755"}],"wp:term":[{"taxonomy":"etapa-escolar","embeddable":true,"href":"https:\/\/escolares.afundacion.org\/es\/wp-json\/wp\/v2\/etapa-escolar?post=2755"},{"taxonomy":"lugar","embeddable":true,"href":"https:\/\/escolares.afundacion.org\/es\/wp-json\/wp\/v2\/lugar?post=2755"},{"taxonomy":"tipoloxia","embeddable":true,"href":"https:\/\/escolares.afundacion.org\/es\/wp-json\/wp\/v2\/tipoloxia?post=2755"}],"curies":[{"name":"wp","href":"https:\/\/api.w.org\/{rel}","templated":true}]}}

Castelao grafista (facsímile) &#8211; A Estrada

<p class="wp-block-paragraph">La exposición itinerante «Castelao grafista. Facsímil» llega a la Casa de las letras de A Estrada, de la mano del programa «Corriente cultural» de Afundación. En esta amplia selección de facsímiles, dibujos y caricaturas, repasamos las múltiples facetas del rianxeiro Alfonso Daniel Rodríguez Castelao: dibujante, escritor, político y uno de los ideólogos más singulares de la cultura gallega. Una ocasión para redescubrir su figura y su legado a través de una visita guiada y un taller.  </p>

<p class="wp-block-paragraph"></p>

<p> Descubre la figura de Castelao a través de la historia, el arte de Galicia y la tecnología en una visita con taller a «Castelao grafista. Facsímil», en la Casa de las letras de A Estrada.</p>
