{"id":2752,"date":"2026-08-26T19:12:22","date_gmt":"2026-08-26T17:12:22","guid":{"rendered":"https:\/\/escolares.afundacion.org\/actividad\/cine-que-transforma-ciclo-de-cortometrajes-sobre-acoso-genero-diversidad-y-salud-mental\/"},"modified":"2026-09-04T07:27:53","modified_gmt":"2026-09-04T05:27:53","slug":"cine-que-transforma-ciclo-de-cortometrajes-sobre-acoso-genero-diversidad-y-salud-mental","status":"publish","type":"actividad","link":"https:\/\/escolares.afundacion.org\/es\/actividad\/cine-que-transforma-ciclo-de-cortometrajes-sobre-acoso-genero-diversidad-y-salud-mental\/","title":{"rendered":"Cine que transforma. Ciclo de cortometrajes sobre acoso, g\u00e9nero, diversidad y salud mental"},"content":{"rendered":"\n<p class=\"wp-block-paragraph\">Afundaci\u00f3n presenta un ciclo de cortometrajes vinculados a propuestas did\u00e1cticas con el objetivo de apoyar el abordaje en el aula de temas como el acoso, la igualdad, la diversidad y la salud emocional. En colaboraci\u00f3n con la Asociaci\u00f3n FICBUEU, ofrecemos este ciclo de cortos como una herramienta pedag\u00f3gica clave para los centros educativos: cada proyecci\u00f3n incluye una unidad did\u00e1ctica dise\u00f1ada para abrir el debate con el alumnado. <\/p>\n\n<p class=\"wp-block-paragraph\">\u00bfC\u00f3mo puedes participar?<\/p>\n\n<p class=\"wp-block-paragraph\"><strong>\u00bfC\u00f3mo puedes participar?<\/strong> Selecciona uno o m\u00e1s cortometrajes, solicita el acceso y la unidad did\u00e1ctica al equipo de Afundaci\u00f3n y comparte con nosotros tu experiencia.<\/p>\n","protected":false},"excerpt":{"rendered":"<p>Ciclo de cortometrajes con unidades did\u00e1cticas para trabajar en el aula el acoso, la igualdad, la diversidad y la salud emocional.<\/p>\n","protected":false},"featured_media":2712,"template":"","etapa-escolar":[65,66,64,62],"lugar":[56],"tipoloxia":[44,46,51],"class_list":["post-2752","actividad","type-actividad","status-publish","has-post-thumbnail","hentry","etapa-escolar-infantil","etapa-escolar-primaria","etapa-escolar-eso","etapa-escolar-bachillerato","lugar-en-el-propio-centro-educativo","tipoloxia-artes-escenicas","tipoloxia-cine","tipoloxia-salud-emocional"],"acf":[],"_links":{"self":[{"href":"https:\/\/escolares.afundacion.org\/es\/wp-json\/wp\/v2\/actividad\/2752","targetHints":{"allow":["GET"]}}],"collection":[{"href":"https:\/\/escolares.afundacion.org\/es\/wp-json\/wp\/v2\/actividad"}],"about":[{"href":"https:\/\/escolares.afundacion.org\/es\/wp-json\/wp\/v2\/types\/actividad"}],"wp:featuredmedia":[{"embeddable":true,"href":"https:\/\/escolares.afundacion.org\/es\/wp-json\/wp\/v2\/media\/2712"}],"wp:attachment":[{"href":"https:\/\/escolares.afundacion.org\/es\/wp-json\/wp\/v2\/media?parent=2752"}],"wp:term":[{"taxonomy":"etapa-escolar","embeddable":true,"href":"https:\/\/escolares.afundacion.org\/es\/wp-json\/wp\/v2\/etapa-escolar?post=2752"},{"taxonomy":"lugar","embeddable":true,"href":"https:\/\/escolares.afundacion.org\/es\/wp-json\/wp\/v2\/lugar?post=2752"},{"taxonomy":"tipoloxia","embeddable":true,"href":"https:\/\/escolares.afundacion.org\/es\/wp-json\/wp\/v2\/tipoloxia?post=2752"}],"curies":[{"name":"wp","href":"https:\/\/api.w.org\/{rel}","templated":true}]}}

Cine que transforma. Ciclo de cortometrajes sobre acoso, género, diversidad y salud mental

<p class="wp-block-paragraph">Afundación presenta un ciclo de cortometrajes vinculados a propuestas didácticas con el objetivo de apoyar el abordaje en el aula de temas como el acoso, la igualdad, la diversidad y la salud emocional. En colaboración con la Asociación FICBUEU, ofrecemos este ciclo de cortos como una herramienta pedagógica clave para los centros educativos: cada proyección incluye una unidad didáctica diseñada para abrir el debate con el alumnado. </p>

<p class="wp-block-paragraph">¿Cómo puedes participar?</p>

<p class="wp-block-paragraph"><strong>¿Cómo puedes participar?</strong> Selecciona uno o más cortometrajes, solicita el acceso y la unidad didáctica al equipo de Afundación y comparte con nosotros tu experiencia.</p>

<p>Ciclo de cortometrajes con unidades didácticas para trabajar en el aula el acoso, la igualdad, la diversidad y la salud emocional.</p>
