{"id":2748,"date":"2026-08-26T19:16:36","date_gmt":"2026-08-26T17:16:36","guid":{"rendered":"https:\/\/escolares.afundacion.org\/actividad\/hablame-de-la-emigracion\/"},"modified":"2026-09-04T07:15:36","modified_gmt":"2026-09-04T05:15:36","slug":"hablame-de-la-emigracion","status":"publish","type":"actividad","link":"https:\/\/escolares.afundacion.org\/es\/actividad\/hablame-de-la-emigracion\/","title":{"rendered":"H\u00e1blame de la emigraci\u00f3n"},"content":{"rendered":"\n<p class=\"wp-block-paragraph\">\u00abF\u00e1lame da emigraci\u00f3n\u00bb \u00e9 un proxecto interxeracional no que os socios e as socias dos Espazos +60 que viviron a emigraci\u00f3n comparten as s\u00faas experiencias con rapaces e rapazas de institutos de Galicia. Un di\u00e1logo entre xeraci\u00f3ns que recupera a memoria da emigraci\u00f3n galega e fomenta o entendemento mutuo. <\/p>\n","protected":false},"excerpt":{"rendered":"<p>Programa intergeneracional \u00abH\u00e1blame de la emigraci\u00f3n\u00bb, en el que personas mayores comparten su experiencia migratoria con estudiantes de institutos gallegos.<\/p>\n","protected":false},"featured_media":2630,"template":"","etapa-escolar":[64,62],"lugar":[56],"tipoloxia":[48],"class_list":["post-2748","actividad","type-actividad","status-publish","has-post-thumbnail","hentry","etapa-escolar-eso","etapa-escolar-bachillerato","lugar-en-el-propio-centro-educativo","tipoloxia-encuentros-intergeneracionales"],"acf":[],"_links":{"self":[{"href":"https:\/\/escolares.afundacion.org\/es\/wp-json\/wp\/v2\/actividad\/2748","targetHints":{"allow":["GET"]}}],"collection":[{"href":"https:\/\/escolares.afundacion.org\/es\/wp-json\/wp\/v2\/actividad"}],"about":[{"href":"https:\/\/escolares.afundacion.org\/es\/wp-json\/wp\/v2\/types\/actividad"}],"wp:featuredmedia":[{"embeddable":true,"href":"https:\/\/escolares.afundacion.org\/es\/wp-json\/wp\/v2\/media\/2630"}],"wp:attachment":[{"href":"https:\/\/escolares.afundacion.org\/es\/wp-json\/wp\/v2\/media?parent=2748"}],"wp:term":[{"taxonomy":"etapa-escolar","embeddable":true,"href":"https:\/\/escolares.afundacion.org\/es\/wp-json\/wp\/v2\/etapa-escolar?post=2748"},{"taxonomy":"lugar","embeddable":true,"href":"https:\/\/escolares.afundacion.org\/es\/wp-json\/wp\/v2\/lugar?post=2748"},{"taxonomy":"tipoloxia","embeddable":true,"href":"https:\/\/escolares.afundacion.org\/es\/wp-json\/wp\/v2\/tipoloxia?post=2748"}],"curies":[{"name":"wp","href":"https:\/\/api.w.org\/{rel}","templated":true}]}}

Háblame de la emigración

<p class="wp-block-paragraph">«Fálame da emigración» é un proxecto interxeracional no que os socios e as socias dos Espazos +60 que viviron a emigración comparten as súas experiencias con rapaces e rapazas de institutos de Galicia. Un diálogo entre xeracións que recupera a memoria da emigración galega e fomenta o entendemento mutuo. </p>

<p>Programa intergeneracional «Háblame de la emigración», en el que personas mayores comparten su experiencia migratoria con estudiantes de institutos gallegos.</p>
