{"id":2744,"date":"2026-08-25T19:07:50","date_gmt":"2026-08-25T17:07:50","guid":{"rendered":"https:\/\/escolares.afundacion.org\/actividad\/verde-naturaleza-y-paisaje-en-la-coleccion-de-arte-afundacion\/"},"modified":"2026-09-03T10:34:03","modified_gmt":"2026-09-03T08:34:03","slug":"verde-naturaleza-y-paisaje-en-la-coleccion-de-arte-afundacion","status":"publish","type":"actividad","link":"https:\/\/escolares.afundacion.org\/es\/actividad\/verde-naturaleza-y-paisaje-en-la-coleccion-de-arte-afundacion\/","title":{"rendered":"VERDE. Naturaleza y paisaje en la Colecci\u00f3n de Arte Afundaci\u00f3n"},"content":{"rendered":"\n<p class=\"wp-block-paragraph\">Los entornos naturales cautivan nuestra atenci\u00f3n, afectan a nuestras emociones y nos hacen reflexionar. Los lugares de la memoria, la Galicia m\u00e1gica o la melancol\u00eda son algunos de los temas que con frecuencia visitan a los y las artistas gallegos en sus representaciones paisaj\u00edsticas.<br\/><\/p>\n\n<p class=\"wp-block-paragraph\">A trav\u00e9s de las obras de la Colecci\u00f3n de Arte Afundaci\u00f3n transitamos por valles, monta\u00f1as, r\u00edos o costas brava que nos gu\u00edan y nos hacen conectar de nuevo con nuestras ra\u00edces, ilustrando la diversa y potente presencia de la naturaleza y el paisaje en la creaci\u00f3n art\u00edstica gallega desde el siglo XIX hasta la actualidad.<\/p>\n\n<p class=\"wp-block-paragraph\">Nuestras naturalezas son la base del programa escolar orientado a todas las edades, en el que combinamos arte, programaci\u00f3n y rob\u00f3tica, con creatividad y sostenibilidad:<\/p>\n\n<p class=\"wp-block-paragraph\"><strong>Etapa escolar:<\/strong><\/p>\n\n<ul class=\"wp-block-list\">\n<li>Visita cuento con taller para escolares desde Infantil a 4.\u00ba de E.P.: \u00abDe p\u00edcnic por nuestras naturalezas m\u00e1gicas\u00bb<\/li>\n\n\n\n<li>Visita taller para escolares desde 5.\u00ba de E.P. hasta 2.\u00ba de la ESO: \u00abDe like en like\u00bb<\/li>\n\n\n\n<li>Visita taller para escolares desde 3.\u00ba de la ESO, Bachillerato y CF: \u00abVERDE. Naturaleza y paisaje en la Colecci\u00f3n de Arte Afundaci\u00f3n\u00bb<\/li>\n<\/ul>\n","protected":false},"excerpt":{"rendered":"<p>Visita escolar a la exposici\u00f3n \u00abVERDE\u00bb en la Sede Afundaci\u00f3n A Coru\u00f1a: un recorrido por la naturaleza y el paisaje mediante la Colecci\u00f3n de Arte Afundaci\u00f3n, adaptado a cada etapa educativa.<\/p>\n","protected":false},"featured_media":2705,"template":"","etapa-escolar":[65,66,64,62,63],"lugar":[53],"tipoloxia":[45],"class_list":["post-2744","actividad","type-actividad","status-publish","has-post-thumbnail","hentry","etapa-escolar-infantil","etapa-escolar-primaria","etapa-escolar-eso","etapa-escolar-bachillerato","etapa-escolar-ciclos-formativos","lugar-a-coruna","tipoloxia-artes-plasticas"],"acf":[],"_links":{"self":[{"href":"https:\/\/escolares.afundacion.org\/es\/wp-json\/wp\/v2\/actividad\/2744","targetHints":{"allow":["GET"]}}],"collection":[{"href":"https:\/\/escolares.afundacion.org\/es\/wp-json\/wp\/v2\/actividad"}],"about":[{"href":"https:\/\/escolares.afundacion.org\/es\/wp-json\/wp\/v2\/types\/actividad"}],"wp:featuredmedia":[{"embeddable":true,"href":"https:\/\/escolares.afundacion.org\/es\/wp-json\/wp\/v2\/media\/2705"}],"wp:attachment":[{"href":"https:\/\/escolares.afundacion.org\/es\/wp-json\/wp\/v2\/media?parent=2744"}],"wp:term":[{"taxonomy":"etapa-escolar","embeddable":true,"href":"https:\/\/escolares.afundacion.org\/es\/wp-json\/wp\/v2\/etapa-escolar?post=2744"},{"taxonomy":"lugar","embeddable":true,"href":"https:\/\/escolares.afundacion.org\/es\/wp-json\/wp\/v2\/lugar?post=2744"},{"taxonomy":"tipoloxia","embeddable":true,"href":"https:\/\/escolares.afundacion.org\/es\/wp-json\/wp\/v2\/tipoloxia?post=2744"}],"curies":[{"name":"wp","href":"https:\/\/api.w.org\/{rel}","templated":true}]}}

VERDE. Naturaleza y paisaje en la Colección de Arte Afundación

<p class="wp-block-paragraph">Los entornos naturales cautivan nuestra atención, afectan a nuestras emociones y nos hacen reflexionar. Los lugares de la memoria, la Galicia mágica o la melancolía son algunos de los temas que con frecuencia visitan a los y las artistas gallegos en sus representaciones paisajísticas.<br/></p>

<p class="wp-block-paragraph">A través de las obras de la Colección de Arte Afundación transitamos por valles, montañas, ríos o costas brava que nos guían y nos hacen conectar de nuevo con nuestras raíces, ilustrando la diversa y potente presencia de la naturaleza y el paisaje en la creación artística gallega desde el siglo XIX hasta la actualidad.</p>

<p class="wp-block-paragraph">Nuestras naturalezas son la base del programa escolar orientado a todas las edades, en el que combinamos arte, programación y robótica, con creatividad y sostenibilidad:</p>

<p class="wp-block-paragraph"><strong>Etapa escolar:</strong></p>

<ul class="wp-block-list">
<li>Visita cuento con taller para escolares desde Infantil a 4.º de E.P.: «De pícnic por nuestras naturalezas mágicas»</li>



<li>Visita taller para escolares desde 5.º de E.P. hasta 2.º de la ESO: «De like en like»</li>



<li>Visita taller para escolares desde 3.º de la ESO, Bachillerato y CF: «VERDE. Naturaleza y paisaje en la Colección de Arte Afundación»</li>
</ul>

<p>Visita escolar a la exposición «VERDE» en la Sede Afundación A Coruña: un recorrido por la naturaleza y el paisaje mediante la Colección de Arte Afundación, adaptado a cada etapa educativa.</p>
