{"id":2741,"date":"2026-08-25T18:58:05","date_gmt":"2026-08-25T16:58:05","guid":{"rendered":"https:\/\/escolares.afundacion.org\/actividad\/antonio-mingote-la-inteligencia-del-trazo\/"},"modified":"2026-09-03T10:32:33","modified_gmt":"2026-09-03T08:32:33","slug":"antonio-mingote-la-inteligencia-del-trazo","status":"publish","type":"actividad","link":"https:\/\/escolares.afundacion.org\/es\/actividad\/antonio-mingote-la-inteligencia-del-trazo\/","title":{"rendered":"Antonio Mingote. La inteligencia del trazo"},"content":{"rendered":"\n<p class=\"wp-block-paragraph\">Antonio Mingote (Sitges, 1919 \u2013 Madrid, 2012) fue uno de los grandes nombres del humor gr\u00e1fico durante el siglo XX y los primeros a\u00f1os del XXI. Desde sus inicios hasta sus \u00faltimos trabajos en ABC, desarroll\u00f3 un estilo personal\u00edsimo que lo convierte en figura clave de la cultura visual contempor\u00e1nea. Esta exposici\u00f3n retrospectiva, titulada \u00abMingote. La inteligencia del trazo\u00bb, propone un recorrido tem\u00e1tico y cronol\u00f3gico por la obra del dibujante, ilustrador y humorista, abordando su trayectoria art\u00edstica desde los primeros bocetos hasta sus creaciones m\u00e1s emblem\u00e1ticas. Su dibujo fue veh\u00edculo de humor, tambi\u00e9n de pensamiento cr\u00edtico y reflexi\u00f3n human\u00edstica.   <\/p>\n\n<p class=\"wp-block-paragraph\">Afundaci\u00f3n la acompa\u00f1a con una programaci\u00f3n escolar para todas las edades:<br\/><\/p>\n\n<p class=\"wp-block-paragraph\"><strong>Etapa escolar:<\/strong><\/p>\n\n<ul class=\"wp-block-list\">\n<li>Visita cuento con taller para escolares desde Infantil a 4.\u00ba de E.P.: \u00abEl l\u00e1piz de Mingote\u00bb<\/li>\n\n\n\n<li>Visita taller para escolares desde 5.\u00ba de E.P. hasta 2.\u00ba de la ESO: \u00abMingote, el trazo fino con humor divino\u00bb<\/li>\n\n\n\n<li>Visita taller para escolares desde 3.\u00ba de la ESO, Bachillerato y CF: \u00abMingote. La inteligencia del trazo\u00bb<\/li>\n<\/ul>\n","protected":false},"excerpt":{"rendered":"<p>Descubre la ilustraci\u00f3n y el humor gr\u00e1fico de Antonio Mingote en esta visita escolar a la Sede Afundaci\u00f3n Ferrol, adaptada a cada etapa educativa.<\/p>\n","protected":false},"featured_media":2608,"template":"","etapa-escolar":[65,66,64,62,63],"lugar":[54],"tipoloxia":[45],"class_list":["post-2741","actividad","type-actividad","status-publish","has-post-thumbnail","hentry","etapa-escolar-infantil","etapa-escolar-primaria","etapa-escolar-eso","etapa-escolar-bachillerato","etapa-escolar-ciclos-formativos","lugar-ferrol","tipoloxia-artes-plasticas"],"acf":[],"_links":{"self":[{"href":"https:\/\/escolares.afundacion.org\/es\/wp-json\/wp\/v2\/actividad\/2741","targetHints":{"allow":["GET"]}}],"collection":[{"href":"https:\/\/escolares.afundacion.org\/es\/wp-json\/wp\/v2\/actividad"}],"about":[{"href":"https:\/\/escolares.afundacion.org\/es\/wp-json\/wp\/v2\/types\/actividad"}],"wp:featuredmedia":[{"embeddable":true,"href":"https:\/\/escolares.afundacion.org\/es\/wp-json\/wp\/v2\/media\/2608"}],"wp:attachment":[{"href":"https:\/\/escolares.afundacion.org\/es\/wp-json\/wp\/v2\/media?parent=2741"}],"wp:term":[{"taxonomy":"etapa-escolar","embeddable":true,"href":"https:\/\/escolares.afundacion.org\/es\/wp-json\/wp\/v2\/etapa-escolar?post=2741"},{"taxonomy":"lugar","embeddable":true,"href":"https:\/\/escolares.afundacion.org\/es\/wp-json\/wp\/v2\/lugar?post=2741"},{"taxonomy":"tipoloxia","embeddable":true,"href":"https:\/\/escolares.afundacion.org\/es\/wp-json\/wp\/v2\/tipoloxia?post=2741"}],"curies":[{"name":"wp","href":"https:\/\/api.w.org\/{rel}","templated":true}]}}

<p class="wp-block-paragraph">Antonio Mingote (Sitges, 1919 – Madrid, 2012) fue uno de los grandes nombres del humor gráfico durante el siglo XX y los primeros años del XXI. Desde sus inicios hasta sus últimos trabajos en ABC, desarrolló un estilo personalísimo que lo convierte en figura clave de la cultura visual contemporánea. Esta exposición retrospectiva, titulada «Mingote. La inteligencia del trazo», propone un recorrido temático y cronológico por la obra del dibujante, ilustrador y humorista, abordando su trayectoria artística desde los primeros bocetos hasta sus creaciones más emblemáticas. Su dibujo fue vehículo de humor, también de pensamiento crítico y reflexión humanística.   </p>

<p class="wp-block-paragraph">Afundación la acompaña con una programación escolar para todas las edades:<br/></p>

<p class="wp-block-paragraph"><strong>Etapa escolar:</strong></p>

<ul class="wp-block-list">
<li>Visita cuento con taller para escolares desde Infantil a 4.º de E.P.: «El lápiz de Mingote»</li>



<li>Visita taller para escolares desde 5.º de E.P. hasta 2.º de la ESO: «Mingote, el trazo fino con humor divino»</li>



<li>Visita taller para escolares desde 3.º de la ESO, Bachillerato y CF: «Mingote. La inteligencia del trazo»</li>
</ul>

<p>Descubre la ilustración y el humor gráfico de Antonio Mingote en esta visita escolar a la Sede Afundación Ferrol, adaptada a cada etapa educativa.</p>
