{"id":2739,"date":"2026-08-25T18:45:00","date_gmt":"2026-08-25T16:45:00","guid":{"rendered":"https:\/\/escolares.afundacion.org\/actividad\/habitar-o-baleiro\/"},"modified":"2026-09-03T10:31:33","modified_gmt":"2026-09-03T08:31:33","slug":"habitar-o-baleiro","status":"publish","type":"actividad","link":"https:\/\/escolares.afundacion.org\/es\/actividad\/habitar-o-baleiro\/","title":{"rendered":"Habitar o baleiro"},"content":{"rendered":"\n<p class=\"wp-block-paragraph\">Afundaci\u00f3n presenta en el Caf\u00e9 Moderno Afundaci\u00f3n Pontevedra la muestra \u00abHabitar o baleiro\u00bb, una exposici\u00f3n construida con fotograf\u00edas, audios, v\u00eddeos y textos que componen un retrato coral y profundamente humano sobre el rural gallego, su transformaci\u00f3n, aquello que se pierde, aquello que resiste y las nuevas oportunidades que en \u00e9l surgen.<\/p>\n\n<p class=\"wp-block-paragraph\">El proyecto naci\u00f3 de la mano del fot\u00f3grafo Brais Lorenzo y un equipo de periodistas formado por Cl\u00e1udia Mor\u00e1n, Alba Moledo, Sergio Pascual y Luc\u00eda Abarrategui. Juntos recorrieron zonas rurales de Galicia, especialmente de las provincias de Ourense y Lugo, para retratar el envejecimiento y la soledad, la convivencia con los parques e\u00f3licos, el impacto de la sequ\u00eda y los incendios, as\u00ed como los proyectos de vida que eligen quedarse o volver al campo.<\/p>\n\n<p class=\"wp-block-paragraph\">Se trata de un trabajo period\u00edstico reconocido con premios como los Ortega y Gasset, los Sony World Photography Awards y los Istanbul Photo Awards, entre otros.<br\/><\/p>\n\n<p class=\"wp-block-paragraph\">Afundaci\u00f3n la acompa\u00f1a con una programaci\u00f3n escolar para todas las edades:<br\/><\/p>\n\n<p class=\"wp-block-paragraph\"><strong>Etapa escolar:<\/strong><\/p>\n\n<ul class=\"wp-block-list\">\n<li>Visita cuento con taller para escolares desde Infantil a 4.\u00ba de E.P.: \u00abDesovillando la vida rural\u00bb<\/li>\n\n\n\n<li>Visita taller para escolares desde 5.\u00ba de E.P. hasta 2.\u00ba de la ESO: \u00abSilencio, fuego, esperanza\u2026\u00bb<\/li>\n\n\n\n<li>Visita taller para escolares desde 3.\u00ba de la ESO, Bachillerato y CF:\u00abHabitar o baleiro\u00bb<\/li>\n<\/ul>\n","protected":false},"excerpt":{"rendered":"<p>Visita escolar a la exposici\u00f3n fotogr\u00e1fica \u00abHabitar o baleiro\u00bb en el Caf\u00e9 Moderno Afundaci\u00f3n Pontevedra: una mirada a la transformaci\u00f3n del rural gallego adaptada a cada etapa educativa.<\/p>\n","protected":false},"featured_media":2618,"template":"","etapa-escolar":[65,66,64,62,63],"lugar":[59],"tipoloxia":[45],"class_list":["post-2739","actividad","type-actividad","status-publish","has-post-thumbnail","hentry","etapa-escolar-infantil","etapa-escolar-primaria","etapa-escolar-eso","etapa-escolar-bachillerato","etapa-escolar-ciclos-formativos","lugar-pontevedra","tipoloxia-artes-plasticas"],"acf":[],"_links":{"self":[{"href":"https:\/\/escolares.afundacion.org\/es\/wp-json\/wp\/v2\/actividad\/2739","targetHints":{"allow":["GET"]}}],"collection":[{"href":"https:\/\/escolares.afundacion.org\/es\/wp-json\/wp\/v2\/actividad"}],"about":[{"href":"https:\/\/escolares.afundacion.org\/es\/wp-json\/wp\/v2\/types\/actividad"}],"wp:featuredmedia":[{"embeddable":true,"href":"https:\/\/escolares.afundacion.org\/es\/wp-json\/wp\/v2\/media\/2618"}],"wp:attachment":[{"href":"https:\/\/escolares.afundacion.org\/es\/wp-json\/wp\/v2\/media?parent=2739"}],"wp:term":[{"taxonomy":"etapa-escolar","embeddable":true,"href":"https:\/\/escolares.afundacion.org\/es\/wp-json\/wp\/v2\/etapa-escolar?post=2739"},{"taxonomy":"lugar","embeddable":true,"href":"https:\/\/escolares.afundacion.org\/es\/wp-json\/wp\/v2\/lugar?post=2739"},{"taxonomy":"tipoloxia","embeddable":true,"href":"https:\/\/escolares.afundacion.org\/es\/wp-json\/wp\/v2\/tipoloxia?post=2739"}],"curies":[{"name":"wp","href":"https:\/\/api.w.org\/{rel}","templated":true}]}}

<p class="wp-block-paragraph">Afundación presenta en el Café Moderno Afundación Pontevedra la muestra «Habitar o baleiro», una exposición construida con fotografías, audios, vídeos y textos que componen un retrato coral y profundamente humano sobre el rural gallego, su transformación, aquello que se pierde, aquello que resiste y las nuevas oportunidades que en él surgen.</p>

<p class="wp-block-paragraph">El proyecto nació de la mano del fotógrafo Brais Lorenzo y un equipo de periodistas formado por Cláudia Morán, Alba Moledo, Sergio Pascual y Lucía Abarrategui. Juntos recorrieron zonas rurales de Galicia, especialmente de las provincias de Ourense y Lugo, para retratar el envejecimiento y la soledad, la convivencia con los parques eólicos, el impacto de la sequía y los incendios, así como los proyectos de vida que eligen quedarse o volver al campo.</p>

<p class="wp-block-paragraph">Se trata de un trabajo periodístico reconocido con premios como los Ortega y Gasset, los Sony World Photography Awards y los Istanbul Photo Awards, entre otros.<br/></p>

<p class="wp-block-paragraph">Afundación la acompaña con una programación escolar para todas las edades:<br/></p>

<p class="wp-block-paragraph"><strong>Etapa escolar:</strong></p>

<ul class="wp-block-list">
<li>Visita cuento con taller para escolares desde Infantil a 4.º de E.P.: «Desovillando la vida rural»</li>



<li>Visita taller para escolares desde 5.º de E.P. hasta 2.º de la ESO: «Silencio, fuego, esperanza…»</li>



<li>Visita taller para escolares desde 3.º de la ESO, Bachillerato y CF:«Habitar o baleiro»</li>
</ul>

<p>Visita escolar a la exposición fotográfica «Habitar o baleiro» en el Café Moderno Afundación Pontevedra: una mirada a la transformación del rural gallego adaptada a cada etapa educativa.</p>
