{"id":2738,"date":"2026-08-28T11:04:15","date_gmt":"2026-08-28T09:04:15","guid":{"rendered":"https:\/\/escolares.afundacion.org\/actividad\/la-empresa-familiar-en-las-aulas-6-a-edicion\/"},"modified":"2026-09-04T06:10:02","modified_gmt":"2026-09-04T04:10:02","slug":"la-empresa-familiar-en-las-aulas-6-a-edicion","status":"publish","type":"actividad","link":"https:\/\/escolares.afundacion.org\/es\/actividad\/la-empresa-familiar-en-las-aulas-6-a-edicion\/","title":{"rendered":"La empresa familiar en las aulas \u2014 6.\u00aa edici\u00f3n"},"content":{"rendered":"\n<p class=\"wp-block-paragraph\">Esta iniciativa tiene como finalidad dar a conocer el papel y la relevancia de las empresas familiares en la econom\u00eda y en la sociedad, as\u00ed como fomentar el emprendimiento entre la juventud a trav\u00e9s del contacto directo con el mundo empresarial.<\/p>\n\n<p class=\"wp-block-paragraph\">El programa combina conferencias de destacadas figuras de empresas familiares gallegas en colegios e institutos con visitas del alumnado a las empresas participantes.<\/p>\n\n<p class=\"wp-block-paragraph\">Los centros educativos que participen en el programa podr\u00e1n realizar un taller educativo para desarrollar un proyecto de negocio que se podr\u00e1 presentar al concurso \u00abImagina tu empresa\u00bb.<\/p>\n","protected":false},"excerpt":{"rendered":"<p>Programa de emprendimiento para 4.\u00ba de la ESO, Bachillerato y FP: conferencias de empresas familiares gallegas, visitas y el concurso \u00abImagina tu empresa\u00bb.<\/p>\n","protected":false},"featured_media":2658,"template":"","etapa-escolar":[64,62,63],"lugar":[],"tipoloxia":[47],"class_list":["post-2738","actividad","type-actividad","status-publish","has-post-thumbnail","hentry","etapa-escolar-eso","etapa-escolar-bachillerato","etapa-escolar-ciclos-formativos","tipoloxia-educacion-financiera"],"acf":[],"_links":{"self":[{"href":"https:\/\/escolares.afundacion.org\/es\/wp-json\/wp\/v2\/actividad\/2738","targetHints":{"allow":["GET"]}}],"collection":[{"href":"https:\/\/escolares.afundacion.org\/es\/wp-json\/wp\/v2\/actividad"}],"about":[{"href":"https:\/\/escolares.afundacion.org\/es\/wp-json\/wp\/v2\/types\/actividad"}],"wp:featuredmedia":[{"embeddable":true,"href":"https:\/\/escolares.afundacion.org\/es\/wp-json\/wp\/v2\/media\/2658"}],"wp:attachment":[{"href":"https:\/\/escolares.afundacion.org\/es\/wp-json\/wp\/v2\/media?parent=2738"}],"wp:term":[{"taxonomy":"etapa-escolar","embeddable":true,"href":"https:\/\/escolares.afundacion.org\/es\/wp-json\/wp\/v2\/etapa-escolar?post=2738"},{"taxonomy":"lugar","embeddable":true,"href":"https:\/\/escolares.afundacion.org\/es\/wp-json\/wp\/v2\/lugar?post=2738"},{"taxonomy":"tipoloxia","embeddable":true,"href":"https:\/\/escolares.afundacion.org\/es\/wp-json\/wp\/v2\/tipoloxia?post=2738"}],"curies":[{"name":"wp","href":"https:\/\/api.w.org\/{rel}","templated":true}]}}

La empresa familiar en las aulas — 6.ª edición

<p class="wp-block-paragraph">Esta iniciativa tiene como finalidad dar a conocer el papel y la relevancia de las empresas familiares en la economía y en la sociedad, así como fomentar el emprendimiento entre la juventud a través del contacto directo con el mundo empresarial.</p>

<p class="wp-block-paragraph">El programa combina conferencias de destacadas figuras de empresas familiares gallegas en colegios e institutos con visitas del alumnado a las empresas participantes.</p>

<p class="wp-block-paragraph">Los centros educativos que participen en el programa podrán realizar un taller educativo para desarrollar un proyecto de negocio que se podrá presentar al concurso «Imagina tu empresa».</p>

<p>Programa de emprendimiento para 4.º de la ESO, Bachillerato y FP: conferencias de empresas familiares gallegas, visitas y el concurso «Imagina tu empresa».</p>
