{"id":2734,"date":"2026-08-25T17:45:09","date_gmt":"2026-08-25T15:45:09","guid":{"rendered":"https:\/\/escolares.afundacion.org\/actividad\/nicolas-muller-en-galicia-ourense\/"},"modified":"2026-09-03T10:28:39","modified_gmt":"2026-09-03T08:28:39","slug":"nicolas-muller-en-galicia-ourense","status":"publish","type":"actividad","link":"https:\/\/escolares.afundacion.org\/es\/actividad\/nicolas-muller-en-galicia-ourense\/","title":{"rendered":"Nicol\u00e1s M\u00fcller en Galicia (Ourense)"},"content":{"rendered":"\n<p class=\"wp-block-paragraph\">Esta exposici\u00f3n revisa y recupera el trabajo realizado por Nicol\u00e1s M\u00fcller (Hungr\u00eda, 1913 \u2013 Asturias, 2000) en el norte de Espa\u00f1a, durante la segunda mitad del siglo XX. <br\/><br\/> Un relato que desvela su mirada, profundamente humanista, sobre las gentes trabajadoras y la belleza de los paisajes de Galicia, Asturias, Cantabria, el Pa\u00eds Vasco y Navarra. Considerado como uno de los grandes fot\u00f3grafos documentales del pasado siglo, de la mano de M\u00fcller nos enfrentaremos a la riqueza del paisaje y de la cultura y a la vida sencilla de las gentes del norte.<\/p>\n\n<p class=\"wp-block-paragraph\"><strong>Etapa escolar:<\/strong><\/p>\n\n<ul class=\"wp-block-list\">\n<li>Visita cuento con taller para escolares desde Infantil a 4.\u00ba de E.P: \u00abCantos de la Maruxaina\u00bb<\/li>\n\n\n\n<li>Visita taller para escolares desde 5.\u00ba de E.P. hasta 2.\u00ba de la ESO: \u00abVientos del mar\u00bb<\/li>\n\n\n\n<li>Visita taller para escolares desde 3.\u00ba de la ESO, Bachillerato y CF: \u00abNicol\u00e1s M\u00fcller en Galicia\u00bb<\/li>\n<\/ul>\n","protected":false},"excerpt":{"rendered":"<p>Visita escolar a la exposici\u00f3n de Nicol\u00e1s M\u00fcller en la Sede Afundaci\u00f3n Ourense: fotograf\u00eda e historia de Galicia adaptadas a cada etapa educativa.<\/p>\n","protected":false},"featured_media":2622,"template":"","etapa-escolar":[65,66,64,62,63],"lugar":[58],"tipoloxia":[45],"class_list":["post-2734","actividad","type-actividad","status-publish","has-post-thumbnail","hentry","etapa-escolar-infantil","etapa-escolar-primaria","etapa-escolar-eso","etapa-escolar-bachillerato","etapa-escolar-ciclos-formativos","lugar-ourense","tipoloxia-artes-plasticas"],"acf":[],"_links":{"self":[{"href":"https:\/\/escolares.afundacion.org\/es\/wp-json\/wp\/v2\/actividad\/2734","targetHints":{"allow":["GET"]}}],"collection":[{"href":"https:\/\/escolares.afundacion.org\/es\/wp-json\/wp\/v2\/actividad"}],"about":[{"href":"https:\/\/escolares.afundacion.org\/es\/wp-json\/wp\/v2\/types\/actividad"}],"wp:featuredmedia":[{"embeddable":true,"href":"https:\/\/escolares.afundacion.org\/es\/wp-json\/wp\/v2\/media\/2622"}],"wp:attachment":[{"href":"https:\/\/escolares.afundacion.org\/es\/wp-json\/wp\/v2\/media?parent=2734"}],"wp:term":[{"taxonomy":"etapa-escolar","embeddable":true,"href":"https:\/\/escolares.afundacion.org\/es\/wp-json\/wp\/v2\/etapa-escolar?post=2734"},{"taxonomy":"lugar","embeddable":true,"href":"https:\/\/escolares.afundacion.org\/es\/wp-json\/wp\/v2\/lugar?post=2734"},{"taxonomy":"tipoloxia","embeddable":true,"href":"https:\/\/escolares.afundacion.org\/es\/wp-json\/wp\/v2\/tipoloxia?post=2734"}],"curies":[{"name":"wp","href":"https:\/\/api.w.org\/{rel}","templated":true}]}}

Nicolás Müller en Galicia (Ourense)

<p class="wp-block-paragraph">Esta exposición revisa y recupera el trabajo realizado por Nicolás Müller (Hungría, 1913 – Asturias, 2000) en el norte de España, durante la segunda mitad del siglo XX. <br/><br/> Un relato que desvela su mirada, profundamente humanista, sobre las gentes trabajadoras y la belleza de los paisajes de Galicia, Asturias, Cantabria, el País Vasco y Navarra. Considerado como uno de los grandes fotógrafos documentales del pasado siglo, de la mano de Müller nos enfrentaremos a la riqueza del paisaje y de la cultura y a la vida sencilla de las gentes del norte.</p>

<p class="wp-block-paragraph"><strong>Etapa escolar:</strong></p>

<ul class="wp-block-list">
<li>Visita cuento con taller para escolares desde Infantil a 4.º de E.P: «Cantos de la Maruxaina»</li>



<li>Visita taller para escolares desde 5.º de E.P. hasta 2.º de la ESO: «Vientos del mar»</li>



<li>Visita taller para escolares desde 3.º de la ESO, Bachillerato y CF: «Nicolás Müller en Galicia»</li>
</ul>

<p>Visita escolar a la exposición de Nicolás Müller en la Sede Afundación Ourense: fotografía e historia de Galicia adaptadas a cada etapa educativa.</p>
