{"id":2730,"date":"2026-08-25T13:46:44","date_gmt":"2026-08-25T11:46:44","guid":{"rendered":"https:\/\/escolares.afundacion.org\/actividad\/la-naturaleza-de-las-cosas-chema-madoz\/"},"modified":"2026-09-03T10:25:28","modified_gmt":"2026-09-03T08:25:28","slug":"la-naturaleza-de-las-cosas-chema-madoz","status":"publish","type":"actividad","link":"https:\/\/escolares.afundacion.org\/es\/actividad\/la-naturaleza-de-las-cosas-chema-madoz\/","title":{"rendered":"La naturaleza de las cosas. Chema Madoz"},"content":{"rendered":"\n<p class=\"wp-block-paragraph\">Uno de los artistas contempor\u00e1neos con mayor reconocimiento nacional e internacional llega a Vigo. Medalla de Oro de las Bellas Artes, Premio Nacional de Fotograf\u00eda y Premio de La F\u00e1brica, Chema Madoz presenta \u00abLa naturaleza de las cosas\u00bb, un viaje a trav\u00e9s de la imaginaci\u00f3n, las asociaciones imposibles y el realismo m\u00e1gico.<br\/> <\/p>\n\n<p class=\"wp-block-paragraph\">Invitamos a toda la comunidad escolar a descubrir el universo fotogr\u00e1fico de Chema Madoz con actividades para todas las edades:<br\/><\/p>\n\n<p class=\"wp-block-paragraph\"><strong>Etapa escolar:<\/strong><\/p>\n\n<ul class=\"wp-block-list\">\n<li>Visita cuento con taller para escolares desde Infantil a 4.\u00ba de E.P.: \u00abEn las nubes\u00bb<\/li>\n\n\n\n<li>Visita taller para escolares desde 5.\u00ba de E.P. hasta 2.\u00ba de la ESO: \u00abCosas que cuentan historias\u00bb<\/li>\n\n\n\n<li>Visita taller para escolares desde 3.\u00ba de la ESO, Bachillerato y CF: \u00abChema Madoz. La naturaleza de las cosas\u00bb<\/li>\n<\/ul>\n","protected":false},"excerpt":{"rendered":"<p>Visita escolar a la exposici\u00f3n de Chema Madoz en el Teatro Afundaci\u00f3n Vigo: una aproximaci\u00f3n a la fotograf\u00eda y la poes\u00eda visual adaptada a cada etapa educativa.<\/p>\n","protected":false},"featured_media":2610,"template":"","etapa-escolar":[65,66,64,62,63],"lugar":[61],"tipoloxia":[45],"class_list":["post-2730","actividad","type-actividad","status-publish","has-post-thumbnail","hentry","etapa-escolar-infantil","etapa-escolar-primaria","etapa-escolar-eso","etapa-escolar-bachillerato","etapa-escolar-ciclos-formativos","lugar-vigo","tipoloxia-artes-plasticas"],"acf":[],"_links":{"self":[{"href":"https:\/\/escolares.afundacion.org\/es\/wp-json\/wp\/v2\/actividad\/2730","targetHints":{"allow":["GET"]}}],"collection":[{"href":"https:\/\/escolares.afundacion.org\/es\/wp-json\/wp\/v2\/actividad"}],"about":[{"href":"https:\/\/escolares.afundacion.org\/es\/wp-json\/wp\/v2\/types\/actividad"}],"wp:featuredmedia":[{"embeddable":true,"href":"https:\/\/escolares.afundacion.org\/es\/wp-json\/wp\/v2\/media\/2610"}],"wp:attachment":[{"href":"https:\/\/escolares.afundacion.org\/es\/wp-json\/wp\/v2\/media?parent=2730"}],"wp:term":[{"taxonomy":"etapa-escolar","embeddable":true,"href":"https:\/\/escolares.afundacion.org\/es\/wp-json\/wp\/v2\/etapa-escolar?post=2730"},{"taxonomy":"lugar","embeddable":true,"href":"https:\/\/escolares.afundacion.org\/es\/wp-json\/wp\/v2\/lugar?post=2730"},{"taxonomy":"tipoloxia","embeddable":true,"href":"https:\/\/escolares.afundacion.org\/es\/wp-json\/wp\/v2\/tipoloxia?post=2730"}],"curies":[{"name":"wp","href":"https:\/\/api.w.org\/{rel}","templated":true}]}}

<p class="wp-block-paragraph">Uno de los artistas contemporáneos con mayor reconocimiento nacional e internacional llega a Vigo. Medalla de Oro de las Bellas Artes, Premio Nacional de Fotografía y Premio de La Fábrica, Chema Madoz presenta «La naturaleza de las cosas», un viaje a través de la imaginación, las asociaciones imposibles y el realismo mágico.<br/> </p>

<p class="wp-block-paragraph">Invitamos a toda la comunidad escolar a descubrir el universo fotográfico de Chema Madoz con actividades para todas las edades:<br/></p>

<p class="wp-block-paragraph"><strong>Etapa escolar:</strong></p>

<ul class="wp-block-list">
<li>Visita cuento con taller para escolares desde Infantil a 4.º de E.P.: «En las nubes»</li>



<li>Visita taller para escolares desde 5.º de E.P. hasta 2.º de la ESO: «Cosas que cuentan historias»</li>



<li>Visita taller para escolares desde 3.º de la ESO, Bachillerato y CF: «Chema Madoz. La naturaleza de las cosas»</li>
</ul>

<p>Visita escolar a la exposición de Chema Madoz en el Teatro Afundación Vigo: una aproximación a la fotografía y la poesía visual adaptada a cada etapa educativa.</p>
