{"id":2239,"date":"2025-09-01T10:32:37","date_gmt":"2025-09-01T08:32:37","guid":{"rendered":"https:\/\/escolares.afundacion.org\/actividad\/entendendo-de-verdade-o-autismo-con-daniel-millan-lopez\/"},"modified":"2025-09-12T10:21:42","modified_gmt":"2025-09-12T08:21:42","slug":"entendendo-de-verdade-o-autismo-con-daniel-millan-lopez","status":"publish","type":"actividad","link":"https:\/\/escolares.afundacion.org\/es\/actividad\/entendendo-de-verdade-o-autismo-con-daniel-millan-lopez\/","title":{"rendered":"\u00abEntendiendo de verdad el autismo\u00bb con Daniel Mill\u00e1n L\u00f3pez"},"content":{"rendered":"\n<p>Daniel Mill\u00e1n, psic\u00f3logo especializado en autismo, nos ayudar\u00e1 a adentrarnos y comprender con mayor profundidad el mundo del Trastorno del Espectro Autista (TEA), compartiendo su experiencia y acerc\u00e1ndonos a una realidad llena de matices y riqueza con la conferencia <strong>\u00abEntendiendo de verdad el autismo\u00bb<\/strong><\/p>\n\n\n\n<p><strong>Daniel Mill\u00e1n L\u00f3pez<\/strong><br><strong>\u00a0<\/strong>Licenciado en Psicolog\u00eda Cl\u00ednica y de la Salud por la Universidad Complutense de Madrid. Desde hace m\u00e1s de veinte a\u00f1os est\u00e1 dedicado al trabajo con personas autistas de todas las edades y a la psicolog\u00eda cl\u00ednica en general. Su formaci\u00f3n e iniciaci\u00f3n profesional en el campo fue a trav\u00e9s de la Asociaci\u00f3n de Padres de Ni\u00f1os Autistas (APNA) y en el gabinete de diagn\u00f3stico DELETREA, entre otras. Durante m\u00e1s de tres a\u00f1os fue director general y m\u00e1ximo responsable t\u00e9cnico de la Asociaci\u00f3n de Padres de Ni\u00f1os Autistas de Badajoz. Actualmente, trabaja haciendo terapia y diagn\u00f3sticos para personas de todo el mundo y es el autor de los libros <em>Gu\u00eda Autista \u2013 Consejos para sobrevivir en el loco mundo de los neurot\u00edpicos<\/em> (Lulu, 2021), <em>Es autista, \u00bfy ahora qu\u00e9?<\/em> (Destino, 2024) y del cuento <em>Tengo una chispa en la cabeza<\/em> (Peng\u00fcin, 2025).<\/p>\n","protected":false},"excerpt":{"rendered":"<p>Daniel Mill\u00e1n, psic\u00f3logo especializado en autismo, nos ayudar\u00e1 a adentrarnos y comprender con mayor profundidad el mundo del Trastorno del Espectro Autista (TEA), compartiendo su experiencia y acerc\u00e1ndonos a una realidad llena de matices y riqueza con la conferencia \u00abEntendiendo de verdad el autismo\u00bb Daniel Mill\u00e1n L\u00f3pez\u00a0Licenciado en Psicolog\u00eda Cl\u00ednica y de la Salud por [&hellip;]<\/p>\n","protected":false},"featured_media":2134,"template":"","etapa-escolar":[64,62,63],"lugar":[59],"tipoloxia":[51],"class_list":["post-2239","actividad","type-actividad","status-publish","has-post-thumbnail","hentry","etapa-escolar-eso","etapa-escolar-bachillerato","etapa-escolar-ciclos-formativos","lugar-pontevedra","tipoloxia-salud-emocional"],"acf":[],"_links":{"self":[{"href":"https:\/\/escolares.afundacion.org\/es\/wp-json\/wp\/v2\/actividad\/2239","targetHints":{"allow":["GET"]}}],"collection":[{"href":"https:\/\/escolares.afundacion.org\/es\/wp-json\/wp\/v2\/actividad"}],"about":[{"href":"https:\/\/escolares.afundacion.org\/es\/wp-json\/wp\/v2\/types\/actividad"}],"wp:featuredmedia":[{"embeddable":true,"href":"https:\/\/escolares.afundacion.org\/es\/wp-json\/wp\/v2\/media\/2134"}],"wp:attachment":[{"href":"https:\/\/escolares.afundacion.org\/es\/wp-json\/wp\/v2\/media?parent=2239"}],"wp:term":[{"taxonomy":"etapa-escolar","embeddable":true,"href":"https:\/\/escolares.afundacion.org\/es\/wp-json\/wp\/v2\/etapa-escolar?post=2239"},{"taxonomy":"lugar","embeddable":true,"href":"https:\/\/escolares.afundacion.org\/es\/wp-json\/wp\/v2\/lugar?post=2239"},{"taxonomy":"tipoloxia","embeddable":true,"href":"https:\/\/escolares.afundacion.org\/es\/wp-json\/wp\/v2\/tipoloxia?post=2239"}],"curies":[{"name":"wp","href":"https:\/\/api.w.org\/{rel}","templated":true}]}}

«Entendiendo de verdad el autismo» con Daniel Millán López

<p>Daniel Millán, psicólogo especializado en autismo, nos ayudará a adentrarnos y comprender con mayor profundidad el mundo del Trastorno del Espectro Autista (TEA), compartiendo su experiencia y acercándonos a una realidad llena de matices y riqueza con la conferencia <strong>«Entendiendo de verdad el autismo»</strong></p>



<p><strong>Daniel Millán López</strong><br><strong> </strong>Licenciado en Psicología Clínica y de la Salud por la Universidad Complutense de Madrid. Desde hace más de veinte años está dedicado al trabajo con personas autistas de todas las edades y a la psicología clínica en general. Su formación e iniciación profesional en el campo fue a través de la Asociación de Padres de Niños Autistas (APNA) y en el gabinete de diagnóstico DELETREA, entre otras. Durante más de tres años fue director general y máximo responsable técnico de la Asociación de Padres de Niños Autistas de Badajoz. Actualmente, trabaja haciendo terapia y diagnósticos para personas de todo el mundo y es el autor de los libros <em>Guía Autista – Consejos para sobrevivir en el loco mundo de los neurotípicos</em> (Lulu, 2021), <em>Es autista, ¿y ahora qué?</em> (Destino, 2024) y del cuento <em>Tengo una chispa en la cabeza</em> (Pengüin, 2025).</p>

<p>Daniel Millán, psicólogo especializado en autismo, nos ayudará a adentrarnos y comprender con mayor profundidad el mundo del Trastorno del Espectro Autista (TEA), compartiendo su experiencia y acercándonos a una realidad llena de matices y riqueza con la conferencia «Entendiendo de verdad el autismo» Daniel Millán López Licenciado en Psicología Clínica y de la Salud por [&hellip;]</p>
