{"id":2202,"date":"2024-08-12T11:37:00","date_gmt":"2024-08-12T09:37:00","guid":{"rendered":"https:\/\/escolares.afundacion.org\/actividad\/musica-a-flor-de-pel\/"},"modified":"2025-12-02T12:10:19","modified_gmt":"2025-12-02T11:10:19","slug":"musica-a-flor-de-pel","status":"publish","type":"actividad","link":"https:\/\/escolares.afundacion.org\/es\/actividad\/musica-a-flor-de-pel\/","title":{"rendered":"M\u00daSICA A FLOR DE PIEL: TALLERES DE MUSICOTERAPIA PARA PERSONAL DOCENTE Y APOYO"},"content":{"rendered":"\n<p>Afundaci\u00f3n inicia este curso escolar un <strong>proyecto de talleres presenciales dirigido al personal docente y de apoyo de todos los Centros de Educaci\u00f3n Especial de Galicia<\/strong>. Conscientes de la importancia de la m\u00fasica como canal de comunicaci\u00f3n e incentivo para mejoras cognitivas, socioemocionales y motrices, ponemos en marcha una actividad llena de emociones y sentimientos con el objetivo de ayudar a las y los profesionales <strong>a llevar nuevos recursos no solo al aula, sino tambi\u00e9n a sus vidas<\/strong>.<\/p>\n\n\n\n<p><strong>PERCUTERAPIA: Ritmo, Emoci\u00f3n y Neuroestimulaci\u00f3n en el aula<\/strong><\/p>\n\n\n\n<p>Para ampliar el proyecto \u00abM\u00fasica a flor de piel\u00bb, y teniendo en cuenta las necesidades que hay en los centros escolares de educaci\u00f3n especial, se impartir\u00e1 un taller por colegio para el profesorado, cuidadores\/as y personal de apoyo, donde, conscientes de la <strong>importancia de aprender a liberar tensiones y equilibrar las emociones del estudiantado<\/strong>, el m\u00fasico-terapeuta Pedro Campos trabajar\u00e1 en el uso terap\u00e9utico del ritmo mediante la t\u00e9cnica de la Percuterapia para <strong>mejorar el desarrollo emocional, cognitivo y sensorial del alumnado con discapacidad funcional.<\/strong><\/p>\n\n\n\n<p>Se tratar\u00e1 de formaci\u00f3n te\u00f3rico-pr\u00e1ctica, vivencial y adaptada a contextos reales. Materiales sencillos, din\u00e1micas participativas y enfoque inclusivo.<\/p>\n\n\n\n<p><strong>IMPARTIDO POR PEDRO CAMPOS<\/strong><\/p>\n\n\n\n<p><strong>PERCUTERAPIA, MUSICOTERAPIA<\/strong><\/p>\n\n\n\n<p><strong>Pedro Campos<\/strong>&nbsp;<\/p>\n\n\n\n<p>Creador de Percuterapia \u00b7 M\u00e1ster en Neuropsicolog\u00eda y Deterioros Cognitivos.<\/p>\n\n\n\n<p>Musicoterapeuta \u00b7 Experto en Inteligencia Emocional y Coaching.<\/p>\n\n\n\n<p>Especialista en entrenamiento, estimulaci\u00f3n y rehabilitaci\u00f3n cognitiva.<\/p>\n\n\n\n<p>Miembro del Consejo Mundial de Acad\u00e9micos\/as e Investigadores\/as Universitarios\/as (COMAU).<\/p>\n\n\n\n<p><strong>ESPACIOS<\/strong><\/p>\n\n\n\n<p>Esta actividad est\u00e1 <strong>dirigida exclusivamente<\/strong> <strong>a los Centros de Educaci\u00f3n Especial <\/strong>de Galicia. Se realizar\u00e1 en los propios centros escolares de Educaci\u00f3n Especial en jornada de tarde<\/p>\n","protected":false},"excerpt":{"rendered":"<p>Desenvolvemento emocional, afectivo, sensorial e perceptivo. <\/p>\n","protected":false},"featured_media":1569,"template":"","etapa-escolar":[76],"lugar":[56],"tipoloxia":[44],"class_list":["post-2202","actividad","type-actividad","status-publish","has-post-thumbnail","hentry","etapa-escolar-educacion-especial-es","lugar-en-el-propio-centro-educativo","tipoloxia-artes-escenicas"],"acf":[],"_links":{"self":[{"href":"https:\/\/escolares.afundacion.org\/es\/wp-json\/wp\/v2\/actividad\/2202","targetHints":{"allow":["GET"]}}],"collection":[{"href":"https:\/\/escolares.afundacion.org\/es\/wp-json\/wp\/v2\/actividad"}],"about":[{"href":"https:\/\/escolares.afundacion.org\/es\/wp-json\/wp\/v2\/types\/actividad"}],"wp:featuredmedia":[{"embeddable":true,"href":"https:\/\/escolares.afundacion.org\/es\/wp-json\/wp\/v2\/media\/1569"}],"wp:attachment":[{"href":"https:\/\/escolares.afundacion.org\/es\/wp-json\/wp\/v2\/media?parent=2202"}],"wp:term":[{"taxonomy":"etapa-escolar","embeddable":true,"href":"https:\/\/escolares.afundacion.org\/es\/wp-json\/wp\/v2\/etapa-escolar?post=2202"},{"taxonomy":"lugar","embeddable":true,"href":"https:\/\/escolares.afundacion.org\/es\/wp-json\/wp\/v2\/lugar?post=2202"},{"taxonomy":"tipoloxia","embeddable":true,"href":"https:\/\/escolares.afundacion.org\/es\/wp-json\/wp\/v2\/tipoloxia?post=2202"}],"curies":[{"name":"wp","href":"https:\/\/api.w.org\/{rel}","templated":true}]}}

MÚSICA A FLOR DE PIEL: TALLERES DE MUSICOTERAPIA PARA PERSONAL DOCENTE Y APOYO

<p>Afundación inicia este curso escolar un <strong>proyecto de talleres presenciales dirigido al personal docente y de apoyo de todos los Centros de Educación Especial de Galicia</strong>. Conscientes de la importancia de la música como canal de comunicación e incentivo para mejoras cognitivas, socioemocionales y motrices, ponemos en marcha una actividad llena de emociones y sentimientos con el objetivo de ayudar a las y los profesionales <strong>a llevar nuevos recursos no solo al aula, sino también a sus vidas</strong>.</p>



<p><strong>PERCUTERAPIA: Ritmo, Emoción y Neuroestimulación en el aula</strong></p>



<p>Para ampliar el proyecto «Música a flor de piel», y teniendo en cuenta las necesidades que hay en los centros escolares de educación especial, se impartirá un taller por colegio para el profesorado, cuidadores/as y personal de apoyo, donde, conscientes de la <strong>importancia de aprender a liberar tensiones y equilibrar las emociones del estudiantado</strong>, el músico-terapeuta Pedro Campos trabajará en el uso terapéutico del ritmo mediante la técnica de la Percuterapia para <strong>mejorar el desarrollo emocional, cognitivo y sensorial del alumnado con discapacidad funcional.</strong></p>



<p>Se tratará de formación teórico-práctica, vivencial y adaptada a contextos reales. Materiales sencillos, dinámicas participativas y enfoque inclusivo.</p>



<p><strong>IMPARTIDO POR PEDRO CAMPOS</strong></p>



<p><strong>PERCUTERAPIA, MUSICOTERAPIA</strong></p>



<p><strong>Pedro Campos</strong>&nbsp;</p>



<p>Creador de Percuterapia · Máster en Neuropsicología y Deterioros Cognitivos.</p>



<p>Musicoterapeuta · Experto en Inteligencia Emocional y Coaching.</p>



<p>Especialista en entrenamiento, estimulación y rehabilitación cognitiva.</p>



<p>Miembro del Consejo Mundial de Académicos/as e Investigadores/as Universitarios/as (COMAU).</p>



<p><strong>ESPACIOS</strong></p>



<p>Esta actividad está <strong>dirigida exclusivamente</strong> <strong>a los Centros de Educación Especial </strong>de Galicia. Se realizará en los propios centros escolares de Educación Especial en jornada de tarde</p>
