{"id":2191,"date":"2025-08-28T12:39:46","date_gmt":"2025-08-28T10:39:46","guid":{"rendered":"https:\/\/escolares.afundacion.org\/actividad\/picasso-protagonista-picasso-protagonista-vinetas-no-comic-espanol-contemporaneo\/"},"modified":"2025-09-17T10:20:31","modified_gmt":"2025-09-17T08:20:31","slug":"picasso-protagonista-picasso-protagonista-vinetas-no-comic-espanol-contemporaneo","status":"publish","type":"actividad","link":"https:\/\/escolares.afundacion.org\/es\/actividad\/picasso-protagonista-picasso-protagonista-vinetas-no-comic-espanol-contemporaneo\/","title":{"rendered":"Picasso protagonista. Vi\u00f1etas no c\u00f3mic espa\u00f1ol contempor\u00e1neo"},"content":{"rendered":"\n<p>Tomando como punto de arranque los 50 a\u00f1os de la muerte de Picasso, traemos este proyecto para<\/p>\n\n\n\n<p>analizar la pegada del artista universal a trav\u00e9s de cuarenta importantes autor\u00edas del c\u00f3mic espa\u00f1ol. Con ellas, ahondamos en el mito del malague\u00f1o para entender c\u00f3mo se integra en el imaginario colectivo de la cultura espa\u00f1ola de nuestro tiempo.<\/p>\n\n\n\n<p><strong>\u2022\u00a0 INFANTIL a 4\u00ba PRIMARIA<\/strong> | Visita cuento con taller STEAM y de sostenibilidad | \u00ab\u00a1Pica, Pica&#8230; Picasso!\u00bb<\/p>\n\n\n\n<p><strong>\u2022 5\u00ba PRIMARIA a 2\u00ba ESO<\/strong> | Visita con taller STEAM y de sostenibilidad | <strong>\u00ab<\/strong>El hombre de la camiseta a rayas<strong>\u00bb<\/strong><\/p>\n\n\n\n<p><strong>\u2022 3\u00ba ESO a BACHILLERATO y CICLOS FORMATIVOS<\/strong> | Visita comentada | <strong>\u00ab<\/strong>Picasso protagonista. Vi\u00f1etas en el c\u00f3mic espa\u00f1ol contempor\u00e1neo<strong>\u00bb<\/strong><\/p>\n","protected":false},"excerpt":{"rendered":"<p>HIstoria del arte y del c\u00f3mic<\/p>\n","protected":false},"featured_media":890,"template":"","etapa-escolar":[65,66,64,62,63],"lugar":[58],"tipoloxia":[45],"class_list":["post-2191","actividad","type-actividad","status-publish","has-post-thumbnail","hentry","etapa-escolar-infantil","etapa-escolar-primaria","etapa-escolar-eso","etapa-escolar-bachillerato","etapa-escolar-ciclos-formativos","lugar-ourense","tipoloxia-artes-plasticas"],"acf":[],"_links":{"self":[{"href":"https:\/\/escolares.afundacion.org\/es\/wp-json\/wp\/v2\/actividad\/2191","targetHints":{"allow":["GET"]}}],"collection":[{"href":"https:\/\/escolares.afundacion.org\/es\/wp-json\/wp\/v2\/actividad"}],"about":[{"href":"https:\/\/escolares.afundacion.org\/es\/wp-json\/wp\/v2\/types\/actividad"}],"wp:featuredmedia":[{"embeddable":true,"href":"https:\/\/escolares.afundacion.org\/es\/wp-json\/wp\/v2\/media\/890"}],"wp:attachment":[{"href":"https:\/\/escolares.afundacion.org\/es\/wp-json\/wp\/v2\/media?parent=2191"}],"wp:term":[{"taxonomy":"etapa-escolar","embeddable":true,"href":"https:\/\/escolares.afundacion.org\/es\/wp-json\/wp\/v2\/etapa-escolar?post=2191"},{"taxonomy":"lugar","embeddable":true,"href":"https:\/\/escolares.afundacion.org\/es\/wp-json\/wp\/v2\/lugar?post=2191"},{"taxonomy":"tipoloxia","embeddable":true,"href":"https:\/\/escolares.afundacion.org\/es\/wp-json\/wp\/v2\/tipoloxia?post=2191"}],"curies":[{"name":"wp","href":"https:\/\/api.w.org\/{rel}","templated":true}]}}

Picasso protagonista. Viñetas no cómic español contemporáneo

<p>Tomando como punto de arranque los 50 años de la muerte de Picasso, traemos este proyecto para</p>



<p>analizar la pegada del artista universal a través de cuarenta importantes autorías del cómic español. Con ellas, ahondamos en el mito del malagueño para entender cómo se integra en el imaginario colectivo de la cultura española de nuestro tiempo.</p>



<p><strong>•  INFANTIL a 4º PRIMARIA</strong> | Visita cuento con taller STEAM y de sostenibilidad | «¡Pica, Pica&#8230; Picasso!»</p>



<p><strong>• 5º PRIMARIA a 2º ESO</strong> | Visita con taller STEAM y de sostenibilidad | <strong>«</strong>El hombre de la camiseta a rayas<strong>»</strong></p>



<p><strong>• 3º ESO a BACHILLERATO y CICLOS FORMATIVOS</strong> | Visita comentada | <strong>«</strong>Picasso protagonista. Viñetas en el cómic español contemporáneo<strong>»</strong></p>

<p>HIstoria del arte y del cómic</p>
